{"id":200,"date":"2022-07-27T19:53:57","date_gmt":"2022-07-27T19:53:57","guid":{"rendered":"https:\/\/kamp.linux.org.tr\/2022\/?page_id=200"},"modified":"2022-07-27T19:53:57","modified_gmt":"2022-07-27T19:53:57","slug":"php-ile-web-programlamaya-giris","status":"publish","type":"page","link":"https:\/\/kamp.linux.org.tr\/2022\/kurslar\/php-ile-web-programlamaya-giris\/","title":{"rendered":"PHP ile Web Programlamaya Giri\u015f"},"content":{"rendered":"\n<p><strong>E\u011fitimin K\u0131sa \u00d6zeti<\/strong><\/p>\n\n\n\n<ul class=\"wp-block-list\"><li>Bug\u00fcn taray\u0131c\u0131larda \u00e7al\u0131\u015fan uygulamalardan mobil uygulamalara, internet \u00fczerinden haberle\u015fmeye gereksinim duyan hemen her yaz\u0131l\u0131m HTTP protokol\u00fc yani Web \u00fczerinden ileti\u015fim sa\u011fl\u0131yor. Web programlama g\u00fcn\u00fcm\u00fcz\u00fcn en gerekli yaz\u0131l\u0131m geli\u015ftirme ba\u015fl\u0131klar\u0131ndan. Bu e\u011fitimde Web programlama i\u00e7in geli\u015ftirilmi\u015f, giri\u015f bariyeri d\u00fc\u015f\u00fck ve geli\u015fme esnas\u0131nda y\u00fcksek bir toleransa sahip PHP dili ile Web programlamaya giri\u015f yapaca\u011f\u0131z. Nas\u0131l ortaya \u00e7\u0131kt\u0131\u011f\u0131, temel yetenekleri ve g\u00fcn\u00fcm\u00fcz ihtiya\u00e7lar\u0131na \u00e7\u00f6z\u00fcm \u00fcretmek i\u00e7in Web programlaman\u0131n nas\u0131l geli\u015fmekte oldu\u011funa de\u011finece\u011fiz.<br><\/li><\/ul>\n\n\n\n<p><strong>E\u011fitmenler: <\/strong>Eray Ayd\u0131n, U\u011fur Ar\u0131c\u0131<\/p>\n\n\n\n<p><strong>Kat\u0131l\u0131mc\u0131lar i\u00e7in \u00f6n-\u015fartlar<\/strong><\/p>\n\n\n\n<ul class=\"wp-block-list\"><li>\u0130nternete ba\u011flanabilir bir bilgisayar, temel kurallarla olu\u015fabilecek senaryolar\u0131n takip edilebilmesi yetene\u011fi (oyun kurallar\u0131 okuyup anlayabilme, bilim kurgu, fantastik kurgu vb hayranl\u0131\u011f\u0131), okumaya \u00fc\u015fenmemek, geli\u015febilmek ad\u0131na temel teknik \u0130ngilizce, heyecan ve sab\u0131r<\/li><\/ul>\n\n\n\n<p><strong>Kat\u0131l\u0131mc\u0131lar\u0131n e\u011fitime bilgisayar d\u0131\u015f\u0131nda getirmesi gereken donan\u0131m\/yaz\u0131l\u0131m<\/strong><\/p>\n\n\n\n<ul class=\"wp-block-list\"><li>Bilgisayarlar\u0131nda bir Web sunucusu, PHP 8.1 s\u00fcr\u00fcm\u00fcn\u00fcn Web sunucusu ile birlikte \u00e7al\u0131\u015fabilir olmas\u0131, MySQL (ya da dengi MariaDB) kurulu olmas\u0131. Bunu kimi i\u015fletim sistemleri \u00fcst\u00fcnde paket olarak sa\u011flayan XAMPP, WAMP gibi yaz\u0131l\u0131mlar da kullan\u0131labilir ancak hepsinin \u00e7al\u0131\u015ft\u0131\u011f\u0131ndan emin olmak ve ders s\u0131ras\u0131nda bir sorun \u00e7\u0131kt\u0131\u011f\u0131nda ilgilenmek kat\u0131l\u0131mc\u0131n\u0131n sorumlulu\u011fundad\u0131r.<\/li><\/ul>\n\n\n\n<p><strong>E\u011fitim Konu Ba\u015fl\u0131klar\u0131<\/strong><\/p>\n\n\n\n<ul class=\"wp-block-list\"><li>Web geli\u015ftiricileri i\u00e7in temel a\u011f bilgisi<\/li><li>Web istemci programlamas\u0131<ul><li>Javascript<\/li><li>CSS<\/li><li>HTML 5<\/li><\/ul><\/li><li>Web sunucu programlamas\u0131<ul><li>Genel Teknoloji Yakla\u015f\u0131mlar\u0131 ( PHP vs Python vs Ruby vs Java vs .Net )<\/li><li>Veri Taban\u0131 \u0130\u015flemleri ( SQL, NoSQL )<\/li><li>Web Servisleri<\/li><\/ul><\/li><li>PHP nedir<ul><li>S\u00f6zdizimi<\/li><li>De\u011fi\u015fkenler ve De\u011fi\u015fken T\u00fcrleri<\/li><li>Sabitler<\/li><li>Diziler<\/li><li>Aritmetik \u0130\u015flemler<\/li><li>Mant\u0131ksal \u0130fadeler ve \u0130\u015flemler<\/li><li>Denetim Yap\u0131lar\u0131<\/li><li>S\u0131nama<\/li><li>Ko\u015fullar<\/li><li>D\u00f6ng\u00fcler ve Yinelemeler<\/li><li>\u0130\u015flevler<\/li><li>Parametreler<\/li><li>D\u00f6n\u00fc\u015f De\u011ferleri<\/li><li>De\u011fi\u015fken \u0130\u015flevler<\/li><li>Anonim \u0130\u015flevler<\/li><li>Form \u0130\u015fleme<\/li><li>\u00c7erezler ve Oturumlar<\/li><li>Dosya Y\u00fckleme<\/li><li>Veritabanlar\u0131<\/li><\/ul><\/li><\/ul>\n","protected":false},"excerpt":{"rendered":"<p>E\u011fitimin K\u0131sa \u00d6zeti Bug\u00fcn taray\u0131c\u0131larda \u00e7al\u0131\u015fan uygulamalardan mobil uygulamalara, internet \u00fczerinden haberle\u015fmeye gereksinim duyan hemen her yaz\u0131l\u0131m HTTP protokol\u00fc yani Web \u00fczerinden ileti\u015fim sa\u011fl\u0131yor. Web programlama g\u00fcn\u00fcm\u00fcz\u00fcn en gerekli yaz\u0131l\u0131m geli\u015ftirme ba\u015fl\u0131klar\u0131ndan. Bu e\u011fitimde Web programlama i\u00e7in geli\u015ftirilmi\u015f, giri\u015f bariyeri d\u00fc\u015f\u00fck ve geli\u015fme esnas\u0131nda y\u00fcksek bir toleransa sahip PHP dili ile Web programlamaya giri\u015f yapaca\u011f\u0131z. [&hellip;]<\/p>\n","protected":false},"author":1,"featured_media":332,"parent":8,"menu_order":0,"comment_status":"closed","ping_status":"closed","template":"page-egitimler.php","meta":{"footnotes":""},"class_list":["post-200","page","type-page","status-publish","has-post-thumbnail","hentry"],"jetpack_sharing_enabled":true,"_links":{"self":[{"href":"https:\/\/kamp.linux.org.tr\/2022\/wp-json\/wp\/v2\/pages\/200","targetHints":{"allow":["GET"]}}],"collection":[{"href":"https:\/\/kamp.linux.org.tr\/2022\/wp-json\/wp\/v2\/pages"}],"about":[{"href":"https:\/\/kamp.linux.org.tr\/2022\/wp-json\/wp\/v2\/types\/page"}],"author":[{"embeddable":true,"href":"https:\/\/kamp.linux.org.tr\/2022\/wp-json\/wp\/v2\/users\/1"}],"replies":[{"embeddable":true,"href":"https:\/\/kamp.linux.org.tr\/2022\/wp-json\/wp\/v2\/comments?post=200"}],"version-history":[{"count":0,"href":"https:\/\/kamp.linux.org.tr\/2022\/wp-json\/wp\/v2\/pages\/200\/revisions"}],"up":[{"embeddable":true,"href":"https:\/\/kamp.linux.org.tr\/2022\/wp-json\/wp\/v2\/pages\/8"}],"wp:featuredmedia":[{"embeddable":true,"href":"https:\/\/kamp.linux.org.tr\/2022\/wp-json\/wp\/v2\/media\/332"}],"wp:attachment":[{"href":"https:\/\/kamp.linux.org.tr\/2022\/wp-json\/wp\/v2\/media?parent=200"}],"curies":[{"name":"wp","href":"https:\/\/api.w.org\/{rel}","templated":true}]}}