{"id":447,"date":"2023-01-10T16:46:53","date_gmt":"2023-01-10T13:46:53","guid":{"rendered":"https:\/\/kamp.linux.org.tr\/2023-kis\/?page_id=447"},"modified":"2023-01-20T10:15:10","modified_gmt":"2023-01-20T07:15:10","slug":"ag-yoneticiligine-giris","status":"publish","type":"page","link":"https:\/\/kamp.linux.org.tr\/2023-kis\/kurslar\/ag-yoneticiligine-giris\/","title":{"rendered":"A\u011f Y\u00f6neticili\u011fine Giri\u015f"},"content":{"rendered":"\n<div class=\"wp-block-columns is-layout-flex wp-container-core-columns-is-layout-9d6595d7 wp-block-columns-is-layout-flex\">\n<div class=\"wp-block-column is-layout-flow wp-block-column-is-layout-flow\">\n<figure class=\"wp-block-image size-large\"><img loading=\"lazy\" decoding=\"async\" width=\"1024\" height=\"203\" src=\"https:\/\/kamp.linux.org.tr\/2023-kis\/wp-content\/uploads\/sites\/3\/2023\/01\/MonoLogo-1024x203.png\" alt=\"\" class=\"wp-image-562\" srcset=\"https:\/\/kamp.linux.org.tr\/2023-kis\/wp-content\/uploads\/sites\/3\/2023\/01\/MonoLogo-1024x203.png 1024w, https:\/\/kamp.linux.org.tr\/2023-kis\/wp-content\/uploads\/sites\/3\/2023\/01\/MonoLogo-300x59.png 300w, https:\/\/kamp.linux.org.tr\/2023-kis\/wp-content\/uploads\/sites\/3\/2023\/01\/MonoLogo-768x152.png 768w, https:\/\/kamp.linux.org.tr\/2023-kis\/wp-content\/uploads\/sites\/3\/2023\/01\/MonoLogo-1536x304.png 1536w, https:\/\/kamp.linux.org.tr\/2023-kis\/wp-content\/uploads\/sites\/3\/2023\/01\/MonoLogo-2048x406.png 2048w\" sizes=\"auto, (max-width: 1024px) 100vw, 1024px\" \/><figcaption class=\"wp-element-caption\">S\u0131n\u0131f Sponsoru<\/figcaption><\/figure>\n<\/div>\n\n\n\n<div class=\"wp-block-column is-layout-flow wp-block-column-is-layout-flow\"><\/div>\n\n\n\n<div class=\"wp-block-column is-layout-flow wp-block-column-is-layout-flow\"><\/div>\n<\/div>\n\n\n\n<p><strong>E\u011fitmen:<\/strong> <a href=\"https:\/\/kamp.linux.org.tr\/2023-kis\/egitmenler\/oben-battal\/\" data-type=\"URL\" data-id=\"https:\/\/kamp.linux.org.tr\/2023-kis\/egitmenler\/oben-battal\/\">Oben Battal<\/a><\/p>\n\n\n\n<p><strong>E\u011fitim i\u00e7eri\u011fi<\/strong><\/p>\n\n\n\n<ul class=\"wp-block-list\">\n<li>G\u00fcn\u00fcm\u00fczde A\u011f<\/li>\n\n\n\n<li>OSI Modeli\n<ul class=\"wp-block-list\">\n<li>Fiziksel Katman<\/li>\n\n\n\n<li>Data-link Katman\u0131<\/li>\n\n\n\n<li>Network katman\u0131<\/li>\n\n\n\n<li>Transport katman\u0131<\/li>\n<\/ul>\n<\/li>\n\n\n\n<li>IPv4 &amp; IPv6 Adresleme<\/li>\n\n\n\n<li>Paket Anahtarlama<\/li>\n\n\n\n<li>LAN &amp; WAN<\/li>\n\n\n\n<li>STP<\/li>\n\n\n\n<li>VLAN<\/li>\n\n\n\n<li>Y\u00f6nlendirme\n<ul class=\"wp-block-list\">\n<li>Statik y\u00f6nlendirme<\/li>\n\n\n\n<li>Dinamik y\u00f6nlendirme temelleri<\/li>\n<\/ul>\n<\/li>\n\n\n\n<li>VLANler aras\u0131 y\u00f6nlendirme<\/li>\n\n\n\n<li>DHPC<\/li>\n\n\n\n<li>ACL<\/li>\n\n\n\n<li>A\u011f g\u00fcvenli\u011fi<\/li>\n\n\n\n<li>Y\u00f6nlendirici yap\u0131land\u0131rmas\u0131<\/li>\n\n\n\n<li>Anahtarlay\u0131c\u0131 yap\u0131land\u0131rmas\u0131<\/li>\n\n\n\n<li>A\u011f tasar\u0131lar\u0131<\/li>\n\n\n\n<li>Python ile a\u011f otomasyonu<\/li>\n<\/ul>\n","protected":false},"excerpt":{"rendered":"<p>E\u011fitmen: Oben Battal E\u011fitim i\u00e7eri\u011fi<\/p>\n","protected":false},"author":1,"featured_media":0,"parent":362,"menu_order":0,"comment_status":"closed","ping_status":"closed","template":"","meta":{"footnotes":""},"class_list":["post-447","page","type-page","status-publish","hentry"],"jetpack_sharing_enabled":true,"_links":{"self":[{"href":"https:\/\/kamp.linux.org.tr\/2023-kis\/wp-json\/wp\/v2\/pages\/447","targetHints":{"allow":["GET"]}}],"collection":[{"href":"https:\/\/kamp.linux.org.tr\/2023-kis\/wp-json\/wp\/v2\/pages"}],"about":[{"href":"https:\/\/kamp.linux.org.tr\/2023-kis\/wp-json\/wp\/v2\/types\/page"}],"author":[{"embeddable":true,"href":"https:\/\/kamp.linux.org.tr\/2023-kis\/wp-json\/wp\/v2\/users\/1"}],"replies":[{"embeddable":true,"href":"https:\/\/kamp.linux.org.tr\/2023-kis\/wp-json\/wp\/v2\/comments?post=447"}],"version-history":[{"count":5,"href":"https:\/\/kamp.linux.org.tr\/2023-kis\/wp-json\/wp\/v2\/pages\/447\/revisions"}],"predecessor-version":[{"id":629,"href":"https:\/\/kamp.linux.org.tr\/2023-kis\/wp-json\/wp\/v2\/pages\/447\/revisions\/629"}],"up":[{"embeddable":true,"href":"https:\/\/kamp.linux.org.tr\/2023-kis\/wp-json\/wp\/v2\/pages\/362"}],"wp:attachment":[{"href":"https:\/\/kamp.linux.org.tr\/2023-kis\/wp-json\/wp\/v2\/media?parent=447"}],"curies":[{"name":"wp","href":"https:\/\/api.w.org\/{rel}","templated":true}]}}