{"id":464,"date":"2023-01-10T17:07:45","date_gmt":"2023-01-10T14:07:45","guid":{"rendered":"https:\/\/kamp.linux.org.tr\/2023-kis\/?page_id=464"},"modified":"2023-01-20T10:43:45","modified_gmt":"2023-01-20T07:43:45","slug":"ansible-ile-konfigurasyon-yonetimi","status":"publish","type":"page","link":"https:\/\/kamp.linux.org.tr\/2023-kis\/ansible-ile-konfigurasyon-yonetimi\/","title":{"rendered":"Ansible ile Konfig\u00fcrasyon Y\u00f6netimi"},"content":{"rendered":"\n<div class=\"wp-block-columns is-layout-flex wp-container-core-columns-is-layout-9d6595d7 wp-block-columns-is-layout-flex\">\n<div class=\"wp-block-column is-layout-flow wp-block-column-is-layout-flow\">\n<figure class=\"wp-block-image size-large\"><img loading=\"lazy\" decoding=\"async\" width=\"1024\" height=\"203\" src=\"https:\/\/kamp.linux.org.tr\/2023-kis\/wp-content\/uploads\/sites\/3\/2023\/01\/MonoLogo-1024x203.png\" alt=\"\" class=\"wp-image-562\" srcset=\"https:\/\/kamp.linux.org.tr\/2023-kis\/wp-content\/uploads\/sites\/3\/2023\/01\/MonoLogo-1024x203.png 1024w, https:\/\/kamp.linux.org.tr\/2023-kis\/wp-content\/uploads\/sites\/3\/2023\/01\/MonoLogo-300x59.png 300w, https:\/\/kamp.linux.org.tr\/2023-kis\/wp-content\/uploads\/sites\/3\/2023\/01\/MonoLogo-768x152.png 768w, https:\/\/kamp.linux.org.tr\/2023-kis\/wp-content\/uploads\/sites\/3\/2023\/01\/MonoLogo-1536x304.png 1536w, https:\/\/kamp.linux.org.tr\/2023-kis\/wp-content\/uploads\/sites\/3\/2023\/01\/MonoLogo-2048x406.png 2048w\" sizes=\"auto, (max-width: 1024px) 100vw, 1024px\" \/><figcaption class=\"wp-element-caption\">S\u0131n\u0131f sponsoru<\/figcaption><\/figure>\n<\/div>\n\n\n\n<div class=\"wp-block-column is-layout-flow wp-block-column-is-layout-flow\"><\/div>\n\n\n\n<div class=\"wp-block-column is-layout-flow wp-block-column-is-layout-flow\"><\/div>\n<\/div>\n\n\n\n<p><strong>E\u011fitmenler:<\/strong>  <a href=\"https:\/\/kamp.linux.org.tr\/2023-kis\/egitmenler\/kerem-yaldiz\/\" data-type=\"URL\" data-id=\"https:\/\/kamp.linux.org.tr\/2023-kis\/egitmenler\/kerem-yaldiz\/\">Kerem Yald\u0131z<\/a>, <a href=\"https:\/\/kamp.linux.org.tr\/2023-kis\/egitmenler\/mustafa-karakaya\/\" data-type=\"URL\" data-id=\"https:\/\/kamp.linux.org.tr\/2023-kis\/egitmenler\/mustafa-karakaya\/\">Mustafa Karakaya<\/a><\/p>\n\n\n\n<p><strong>Kat\u0131l\u0131mc\u0131lar i\u00e7in \u00f6n-\u015fartlar<\/strong><br>En az orta d\u00fczeyde GNU\/Linux bilgisine sahip olmak, dok\u00fcman okuyabilecek kadar \u0130ngilizce\u2019ye sahip olmak<\/p>\n\n\n\n<p>VirtualBox, Vagrant kurulu ve 16GB+ haf\u0131zaya sahip bir bilgisayar getirilmesi<\/p>\n\n\n\n<p><strong>E\u011fitim i\u00e7eri\u011fi<\/strong><\/p>\n\n\n\n<ul class=\"wp-block-list\">\n<li>Infrastructure as Code ve Configuration Management kavramlar\u0131<\/li>\n\n\n\n<li>Inventory<\/li>\n\n\n\n<li>Adhoc<\/li>\n\n\n\n<li>YAML format\u0131na giri\u015f<\/li>\n\n\n\n<li>Playbooks<\/li>\n\n\n\n<li>Modules<\/li>\n\n\n\n<li>Variables and Facts<\/li>\n\n\n\n<li>Conditionals<\/li>\n\n\n\n<li>Loops<\/li>\n\n\n\n<li>Roles<\/li>\n\n\n\n<li>Additional topics(Ansible Galaxy, AWX)<\/li>\n<\/ul>\n","protected":false},"excerpt":{"rendered":"<p>E\u011fitmenler: Kerem Yald\u0131z, Mustafa Karakaya Kat\u0131l\u0131mc\u0131lar i\u00e7in \u00f6n-\u015fartlarEn az orta d\u00fczeyde GNU\/Linux bilgisine sahip olmak, dok\u00fcman okuyabilecek kadar \u0130ngilizce\u2019ye sahip olmak VirtualBox, Vagrant kurulu ve 16GB+ haf\u0131zaya sahip bir bilgisayar getirilmesi E\u011fitim i\u00e7eri\u011fi<\/p>\n","protected":false},"author":1,"featured_media":0,"parent":0,"menu_order":0,"comment_status":"closed","ping_status":"closed","template":"","meta":{"footnotes":""},"class_list":["post-464","page","type-page","status-publish","hentry"],"jetpack_sharing_enabled":true,"_links":{"self":[{"href":"https:\/\/kamp.linux.org.tr\/2023-kis\/wp-json\/wp\/v2\/pages\/464","targetHints":{"allow":["GET"]}}],"collection":[{"href":"https:\/\/kamp.linux.org.tr\/2023-kis\/wp-json\/wp\/v2\/pages"}],"about":[{"href":"https:\/\/kamp.linux.org.tr\/2023-kis\/wp-json\/wp\/v2\/types\/page"}],"author":[{"embeddable":true,"href":"https:\/\/kamp.linux.org.tr\/2023-kis\/wp-json\/wp\/v2\/users\/1"}],"replies":[{"embeddable":true,"href":"https:\/\/kamp.linux.org.tr\/2023-kis\/wp-json\/wp\/v2\/comments?post=464"}],"version-history":[{"count":5,"href":"https:\/\/kamp.linux.org.tr\/2023-kis\/wp-json\/wp\/v2\/pages\/464\/revisions"}],"predecessor-version":[{"id":688,"href":"https:\/\/kamp.linux.org.tr\/2023-kis\/wp-json\/wp\/v2\/pages\/464\/revisions\/688"}],"wp:attachment":[{"href":"https:\/\/kamp.linux.org.tr\/2023-kis\/wp-json\/wp\/v2\/media?parent=464"}],"curies":[{"name":"wp","href":"https:\/\/api.w.org\/{rel}","templated":true}]}}