{"id":490,"date":"2023-01-10T17:57:48","date_gmt":"2023-01-10T14:57:48","guid":{"rendered":"https:\/\/kamp.linux.org.tr\/2023-kis\/?page_id=490"},"modified":"2023-02-01T21:54:12","modified_gmt":"2023-02-01T18:54:12","slug":"web-uygulama-guvenligi","status":"publish","type":"page","link":"https:\/\/kamp.linux.org.tr\/2023-kis\/kurslar\/web-uygulama-guvenligi\/","title":{"rendered":"Web Uygulama G\u00fcvenli\u011fi"},"content":{"rendered":"\n<p class=\"has-small-font-size\"><strong><em>Bu s\u0131n\u0131f i\u00e7in sponsor olmayacakt\u0131r.<\/em><\/strong><\/p>\n\n\n\n<p><strong>E\u011fitmenler:<\/strong> <a href=\"https:\/\/kamp.linux.org.tr\/2023-kis\/egitmenler\/omer-citak\/\" data-type=\"URL\" data-id=\"https:\/\/kamp.linux.org.tr\/2023-kis\/egitmenler\/omer-citak\/\">\u00d6mer \u00c7\u0131tak<\/a>, <a href=\"https:\/\/kamp.linux.org.tr\/2023-kis\/egitmenler\/mehmet-ayberk-annadinc\/\" data-type=\"URL\" data-id=\"https:\/\/kamp.linux.org.tr\/2023-kis\/egitmenler\/mehmet-ayberk-annadinc\/\">Mehmet Ayberk Annadin\u00e7<\/a><\/p>\n\n\n\n<p><strong>Kat\u0131l\u0131mc\u0131lar i\u00e7in \u00f6n-\u015fartlar<\/strong><br>Temel GNU\/Linux Bilgisi, HTTP, HTML, CSS ve en az bir programlama dili (PHP, Python, Javascript gibi).<\/p>\n\n\n\n<p><strong>E\u011fitim i\u00e7er\u011fi<\/strong><\/p>\n\n\n\n<ul class=\"wp-block-list\">\n<li>Web nedir ?<\/li>\n\n\n\n<li>DNS<\/li>\n\n\n\n<li>HTTP<\/li>\n\n\n\n<li>\u0130nternet taray\u0131c\u0131lar\u0131 ve \u00e7al\u0131\u015fma mant\u0131klar\u0131<\/li>\n\n\n\n<li>Uygulama g\u00fcvenli\u011fine giri\u015f<\/li>\n\n\n\n<li>Girdi kavram\u0131 ve \u00f6nemi<\/li>\n\n\n\n<li>Vekil sunucu sistemi ve s\u0131zma testlerinde kullan\u0131m y\u00f6ntemi<\/li>\n\n\n\n<li>ZAP &amp; Burp<\/li>\n\n\n\n<li>OWASP nedir ?<\/li>\n\n\n\n<li>OWASP Top 10 \u00fczerinden konular\u0131n uygulamal\u0131 olarak i\u015flenmeye ba\u015flamas\u0131<\/li>\n\n\n\n<li>SQL Enjeksiyonu<\/li>\n\n\n\n<li>XSS<\/li>\n\n\n\n<li>IDOR<\/li>\n\n\n\n<li>CSRF<\/li>\n\n\n\n<li>SSRF<\/li>\n\n\n\n<li>CSP<\/li>\n\n\n\n<li>HSTS<\/li>\n\n\n\n<li>Subresource Integrity<\/li>\n\n\n\n<li>OWASP\u2019\u0131n di\u011fer maddeleri ile ilerleyi\u015f<\/li>\n\n\n\n<li>Hassas bilgi if\u015fas\u0131<\/li>\n\n\n\n<li>Hatal\u0131 oturum y\u00f6netimleri<\/li>\n\n\n\n<li>Uygulama<\/li>\n<\/ul>\n","protected":false},"excerpt":{"rendered":"<p>Bu s\u0131n\u0131f i\u00e7in sponsor olmayacakt\u0131r. E\u011fitmenler: \u00d6mer \u00c7\u0131tak, Mehmet Ayberk Annadin\u00e7 Kat\u0131l\u0131mc\u0131lar i\u00e7in \u00f6n-\u015fartlarTemel GNU\/Linux Bilgisi, HTTP, HTML, CSS ve en az bir programlama dili (PHP, Python, Javascript gibi). E\u011fitim i\u00e7er\u011fi<\/p>\n","protected":false},"author":1,"featured_media":0,"parent":362,"menu_order":0,"comment_status":"closed","ping_status":"closed","template":"","meta":{"footnotes":""},"class_list":["post-490","page","type-page","status-publish","hentry"],"jetpack_sharing_enabled":true,"_links":{"self":[{"href":"https:\/\/kamp.linux.org.tr\/2023-kis\/wp-json\/wp\/v2\/pages\/490","targetHints":{"allow":["GET"]}}],"collection":[{"href":"https:\/\/kamp.linux.org.tr\/2023-kis\/wp-json\/wp\/v2\/pages"}],"about":[{"href":"https:\/\/kamp.linux.org.tr\/2023-kis\/wp-json\/wp\/v2\/types\/page"}],"author":[{"embeddable":true,"href":"https:\/\/kamp.linux.org.tr\/2023-kis\/wp-json\/wp\/v2\/users\/1"}],"replies":[{"embeddable":true,"href":"https:\/\/kamp.linux.org.tr\/2023-kis\/wp-json\/wp\/v2\/comments?post=490"}],"version-history":[{"count":9,"href":"https:\/\/kamp.linux.org.tr\/2023-kis\/wp-json\/wp\/v2\/pages\/490\/revisions"}],"predecessor-version":[{"id":746,"href":"https:\/\/kamp.linux.org.tr\/2023-kis\/wp-json\/wp\/v2\/pages\/490\/revisions\/746"}],"up":[{"embeddable":true,"href":"https:\/\/kamp.linux.org.tr\/2023-kis\/wp-json\/wp\/v2\/pages\/362"}],"wp:attachment":[{"href":"https:\/\/kamp.linux.org.tr\/2023-kis\/wp-json\/wp\/v2\/media?parent=490"}],"curies":[{"name":"wp","href":"https:\/\/api.w.org\/{rel}","templated":true}]}}