{"id":428,"date":"2023-07-31T11:12:32","date_gmt":"2023-07-31T08:12:32","guid":{"rendered":"https:\/\/kamp.linux.org.tr\/2023-yaz\/?page_id=428"},"modified":"2023-08-01T10:30:39","modified_gmt":"2023-08-01T07:30:39","slug":"ozgur-yazilimlarla-pratik-harita-yapimi-openstreetmap","status":"publish","type":"page","link":"https:\/\/kamp.linux.org.tr\/2023-yaz\/kurslar\/ozgur-yazilimlarla-pratik-harita-yapimi-openstreetmap\/","title":{"rendered":"\u00d6zg\u00fcr Yaz\u0131l\u0131mlarla Pratik Harita Yap\u0131m\u0131 (OpenStreetMap)"},"content":{"rendered":"\n<p><strong>E\u011fitmenler: <a href=\"https:\/\/kamp.linux.org.tr\/2023-yaz\/egitmenler\/alper-atmaca\/\">Alper Atmaca<\/a><\/strong><\/p>\n\n\n\n<p><br>Dersin amac\u0131 \u00f6zg\u00fcr yaz\u0131l\u0131m ve verilerle pratik kullan\u0131ma y\u00f6nelik harita yap\u0131m\u0131n\u0131n kaynaklar\u0131n\u0131n sa\u011flanmas\u0131d\u0131r. Bu kapsamda OpenStreetMap ve QGIS temel al\u0131narak, temel haritac\u0131l\u0131k ve navigasyon bilgileri kullan\u0131m\u0131 ile pratik olarak i\u015flevsel do\u011fa haritalar\u0131n\u0131n yap\u0131m a\u015famalar\u0131 ortaya konacakt\u0131r. Dersin nihai \u00e7\u0131kt\u0131s\u0131 olarak OpenStreetMap&#8217;e kaliteli katk\u0131 verebilme, bu verilerin kullan\u0131m\u0131 ile dijital ve fiziki haritalar\u0131n \u00fcretimini ger\u00e7ekle\u015ftirebilme yeteneklerinin aktar\u0131lmas\u0131d\u0131r.<\/p>\n\n\n\n<p><\/p>\n\n\n\n<p><strong>Kat\u0131l\u0131mc\u0131lar i\u00e7in \u00f6n \u015fartlar<\/strong><\/p>\n\n\n\n<ul class=\"wp-block-list\">\n<li>GNU\/Linux i\u015fletim sistemi ile \u00e7al\u0131\u015fan bir bilgisayar getirmek.<\/li>\n<\/ul>\n\n\n\n<p><\/p>\n\n\n\n<p><strong>Kat\u0131l\u0131mc\u0131lar\u0131n e\u011fitime bilgisayar d\u0131\u015f\u0131nda getirmesi gereken donan\u0131m\/yaz\u0131l\u0131m<\/strong><\/p>\n\n\n\n<ul class=\"wp-block-list\">\n<li>Zorunda olmamakla birlikte dokunmatik kabiliyete sahip bir cihaz ve GNSS donan\u0131m\u0131 faydal\u0131 olabilir.<\/li>\n<\/ul>\n\n\n\n<p><\/p>\n\n\n\n<p><strong>E\u011fitim i\u00e7eri\u011fi<\/strong><\/p>\n\n\n\n<ul class=\"wp-block-list\">\n<li>\u00d6zg\u00fcr co\u011frafi bilgi kaynaklar\u0131na giri\u015f<\/li>\n\n\n\n<li>Openstreetmap nedir?<\/li>\n\n\n\n<li>Openstreetmap tarihi ve kullan\u0131m alanlar\u0131.<\/li>\n\n\n\n<li>Openstreetmap toplulu\u011funun kurallar\u0131 ve y\u00f6netimi.<\/li>\n\n\n\n<li>Veri \u00fcretiminin yerelli\u011fi ve veri tipleri.<\/li>\n\n\n\n<li>Openstreetmap&#8217;e katk\u0131 sa\u011flanmas\u0131 ve var olan verilerin kullan\u0131m\u0131.<\/li>\n\n\n\n<li>Openstreetmap edit\u00f6rleri<\/li>\n\n\n\n<li>JOSM<\/li>\n\n\n\n<li>Merkaartor<\/li>\n\n\n\n<li>ID<\/li>\n\n\n\n<li>Rapid<\/li>\n\n\n\n<li>Openstreetmap&#8217;e katk\u0131<\/li>\n\n\n\n<li>Co\u011frafi bilgi tipleri<\/li>\n\n\n\n<li>Temel kavramlar<\/li>\n\n\n\n<li>Ne i\u00e7in kullan\u0131l\u0131r<\/li>\n\n\n\n<li>Veri tipleri<\/li>\n\n\n\n<li>\u00dcretim y\u00f6ntemleri<\/li>\n\n\n\n<li>Harita bilgisi ve navigasyon<\/li>\n\n\n\n<li>Harita ve harita \u00f6zellikleri<\/li>\n\n\n\n<li>Kullan\u0131m amac\u0131na g\u00f6re harita tipleri<\/li>\n\n\n\n<li>Harita kullan\u0131m\u0131 ve navigasyon bilgisi<\/li>\n\n\n\n<li>QGIS ve Openstreetmap ile harita yap\u0131m\u0131<\/li>\n\n\n\n<li>Openstreetmap veri taban\u0131ndan katman al\u0131m\u0131<\/li>\n\n\n\n<li>Katmanlar\u0131n bi\u00e7imlendirilmesi<\/li>\n\n\n\n<li>\u00d6zel katman \u00fcretimi<\/li>\n\n\n\n<li>Bask\u0131ya haz\u0131r topografik harita \u00fcretimi<\/li>\n<\/ul>\n\n\n\n<p><\/p>\n\n\n<a href=\"https:\/\/kayit.linux.org.tr\" target=\"_blank\" class=\"btn btn-lyk\">Ba\u015fvur<\/a>\n","protected":false},"excerpt":{"rendered":"<p>E\u011fitmenler: Alper Atmaca Dersin amac\u0131 \u00f6zg\u00fcr yaz\u0131l\u0131m ve verilerle pratik kullan\u0131ma y\u00f6nelik harita yap\u0131m\u0131n\u0131n kaynaklar\u0131n\u0131n sa\u011flanmas\u0131d\u0131r. Bu kapsamda OpenStreetMap ve QGIS temel al\u0131narak, temel haritac\u0131l\u0131k ve navigasyon bilgileri kullan\u0131m\u0131 ile pratik olarak i\u015flevsel do\u011fa haritalar\u0131n\u0131n yap\u0131m a\u015famalar\u0131 ortaya konacakt\u0131r. Dersin nihai \u00e7\u0131kt\u0131s\u0131 olarak OpenStreetMap&#8217;e kaliteli katk\u0131 verebilme, bu verilerin kullan\u0131m\u0131 ile dijital ve fiziki haritalar\u0131n [&hellip;]<\/p>\n","protected":false},"author":3,"featured_media":0,"parent":11,"menu_order":0,"comment_status":"closed","ping_status":"closed","template":"","meta":{"footnotes":""},"class_list":["post-428","page","type-page","status-publish","hentry"],"jetpack_sharing_enabled":true,"_links":{"self":[{"href":"https:\/\/kamp.linux.org.tr\/2023-yaz\/wp-json\/wp\/v2\/pages\/428","targetHints":{"allow":["GET"]}}],"collection":[{"href":"https:\/\/kamp.linux.org.tr\/2023-yaz\/wp-json\/wp\/v2\/pages"}],"about":[{"href":"https:\/\/kamp.linux.org.tr\/2023-yaz\/wp-json\/wp\/v2\/types\/page"}],"author":[{"embeddable":true,"href":"https:\/\/kamp.linux.org.tr\/2023-yaz\/wp-json\/wp\/v2\/users\/3"}],"replies":[{"embeddable":true,"href":"https:\/\/kamp.linux.org.tr\/2023-yaz\/wp-json\/wp\/v2\/comments?post=428"}],"version-history":[{"count":4,"href":"https:\/\/kamp.linux.org.tr\/2023-yaz\/wp-json\/wp\/v2\/pages\/428\/revisions"}],"predecessor-version":[{"id":646,"href":"https:\/\/kamp.linux.org.tr\/2023-yaz\/wp-json\/wp\/v2\/pages\/428\/revisions\/646"}],"up":[{"embeddable":true,"href":"https:\/\/kamp.linux.org.tr\/2023-yaz\/wp-json\/wp\/v2\/pages\/11"}],"wp:attachment":[{"href":"https:\/\/kamp.linux.org.tr\/2023-yaz\/wp-json\/wp\/v2\/media?parent=428"}],"curies":[{"name":"wp","href":"https:\/\/api.w.org\/{rel}","templated":true}]}}