{"id":69,"date":"2022-07-12T22:04:01","date_gmt":"2022-07-12T19:04:01","guid":{"rendered":"https:\/\/kamp.linux.org.tr\/2022\/?page_id=69"},"modified":"2023-07-19T21:48:04","modified_gmt":"2023-07-19T18:48:04","slug":"69-2","status":"publish","type":"page","link":"https:\/\/kamp.linux.org.tr\/2023-yaz\/","title":{"rendered":"Ana Sayfa"},"content":{"rendered":"\n<h1 class=\"wp-block-heading\">Mustafa Akg\u00fcl \u00d6zg\u00fcr Yaz\u0131l\u0131m Yaz Kamp\u0131<\/h1>\n\n\n\n<p>Linux Kullan\u0131c\u0131lar\u0131 Derne\u011fi ve Bolu Abant \u0130zzet Baysal \u00dcniversitesi\u2019nin organizasyonunu \u00fcstlendi\u011fi etkinlik bu y\u0131l 25 A\u011fustos &#8211; 3 Eyl\u00fcl tarihleri aras\u0131nda Bolu Abant \u0130zzet Baysal \u00dcniversitesi G\u00f6lk\u00f6y Yerle\u015fkesi\u2019nde yap\u0131l\u0131yor.<\/p>\n\n\n\n<p>Farkl\u0131 alanlarda, farkl\u0131 bilgi d\u00fczeylerine hitap eden paralel s\u0131n\u0131flarda ger\u00e7ekle\u015ftirilen e\u011fitimlere kat\u0131l\u0131m \u00fccretsizdir. Kat\u0131l\u0131mc\u0131lardan yaln\u0131zca kendi yol\/konaklama\/yemek masraflar\u0131n\u0131 kar\u015f\u0131lamalar\u0131 beklenmektedir.<\/p>\n\n\n\n<p>Ba\u015fvuru \u00f6ncesinde kurslar\u0131n detaylar\u0131n\u0131 <a href=\"https:\/\/kamp.linux.org.tr\/2023-yaz\/kurslar\/\" data-type=\"URL\" data-id=\"https:\/\/kamp.linux.org.tr\/2023-yaz\/kurslar\/\">Kurslar<\/a> sayfas\u0131nda inceleyiniz.<\/p>\n\n\n\n<div class=\"wp-block-group\"><div class=\"wp-block-group__inner-container is-layout-flow wp-block-group-is-layout-flow\">\n<p>Kampa ili\u015fkin hemen her sorunun yan\u0131t\u0131n\u0131 <a href=\"https:\/\/kamp.linux.org.tr\/2023-yaz\/sikca-sorulan-sorular\/\" data-type=\"URL\" data-id=\"https:\/\/kamp.linux.org.tr\/2023-yaz\/sikca-sorulan-sorular\/\">S\u0131k\u00e7a Sorulan Sorular<\/a> sayfas\u0131nda bulabilirsiniz.<\/p>\n<\/div><\/div>\n","protected":false},"excerpt":{"rendered":"<p>Mustafa Akg\u00fcl \u00d6zg\u00fcr Yaz\u0131l\u0131m Yaz Kamp\u0131 Linux Kullan\u0131c\u0131lar\u0131 Derne\u011fi ve Bolu Abant \u0130zzet Baysal \u00dcniversitesi\u2019nin organizasyonunu \u00fcstlendi\u011fi etkinlik bu y\u0131l 25 A\u011fustos &#8211; 3 Eyl\u00fcl tarihleri aras\u0131nda Bolu Abant \u0130zzet Baysal \u00dcniversitesi G\u00f6lk\u00f6y Yerle\u015fkesi\u2019nde yap\u0131l\u0131yor. Farkl\u0131 alanlarda, farkl\u0131 bilgi d\u00fczeylerine hitap eden paralel s\u0131n\u0131flarda ger\u00e7ekle\u015ftirilen e\u011fitimlere kat\u0131l\u0131m \u00fccretsizdir. Kat\u0131l\u0131mc\u0131lardan yaln\u0131zca kendi yol\/konaklama\/yemek masraflar\u0131n\u0131 kar\u015f\u0131lamalar\u0131 beklenmektedir. [&hellip;]<\/p>\n","protected":false},"author":2,"featured_media":0,"parent":0,"menu_order":0,"comment_status":"closed","ping_status":"closed","template":"index.php","meta":{"footnotes":""},"class_list":["post-69","page","type-page","status-publish","hentry"],"jetpack_sharing_enabled":true,"_links":{"self":[{"href":"https:\/\/kamp.linux.org.tr\/2023-yaz\/wp-json\/wp\/v2\/pages\/69","targetHints":{"allow":["GET"]}}],"collection":[{"href":"https:\/\/kamp.linux.org.tr\/2023-yaz\/wp-json\/wp\/v2\/pages"}],"about":[{"href":"https:\/\/kamp.linux.org.tr\/2023-yaz\/wp-json\/wp\/v2\/types\/page"}],"author":[{"embeddable":true,"href":"https:\/\/kamp.linux.org.tr\/2023-yaz\/wp-json\/wp\/v2\/users\/2"}],"replies":[{"embeddable":true,"href":"https:\/\/kamp.linux.org.tr\/2023-yaz\/wp-json\/wp\/v2\/comments?post=69"}],"version-history":[{"count":3,"href":"https:\/\/kamp.linux.org.tr\/2023-yaz\/wp-json\/wp\/v2\/pages\/69\/revisions"}],"predecessor-version":[{"id":344,"href":"https:\/\/kamp.linux.org.tr\/2023-yaz\/wp-json\/wp\/v2\/pages\/69\/revisions\/344"}],"wp:attachment":[{"href":"https:\/\/kamp.linux.org.tr\/2023-yaz\/wp-json\/wp\/v2\/media?parent=69"}],"curies":[{"name":"wp","href":"https:\/\/api.w.org\/{rel}","templated":true}]}}