{"id":362,"date":"2022-07-06T12:57:00","date_gmt":"2022-07-06T12:57:00","guid":{"rendered":"https:\/\/kamp.linux.org.tr\/2022\/?page_id=8"},"modified":"2024-01-08T16:09:41","modified_gmt":"2024-01-08T13:09:41","slug":"kurslar","status":"publish","type":"page","link":"https:\/\/kamp.linux.org.tr\/2024-kis\/kurslar\/","title":{"rendered":"Kurslar"},"content":{"rendered":"\n<p style=\"font-size:16px\">Bu seneki kampta paralel s\u0131n\u0131flarda verilecek kurslar belirlendik\u00e7e, kurslar\u0131n bilgilerine a\u015fa\u011f\u0131daki listeden ula\u015fabilirsiniz.<\/p>\n\n\n\n<p style=\"font-size:16px\">Ba\u015fvurmay\u0131 planlad\u0131\u011f\u0131n\u0131z kursun web sayfas\u0131ndaki detay program\u0131, anlat\u0131lanlar\u0131, kat\u0131l\u0131mc\u0131lardan beklenenleri mutlaka inceleyiniz.<\/p>\n\n\n\n<p style=\"font-size:16px\">E\u011fer hen\u00fcz okumad\u0131ysan\u0131z <a href=\"https:\/\/kamp.linux.org.tr\/2024-kis\/sikca-sorulan-sorular\/\" data-type=\"URL\" data-id=\"https:\/\/kamp.linux.org.tr\/2023-kis\/sikca-sorulan-sorular\/\">S\u0131k\u00e7a Sorulan Sorular<\/a> sayfas\u0131n\u0131 da dikkatlice okuyunuz.<\/p>\n\n\n\n<p><em><strong>\u00d6nceki kamplardan farkl\u0131 olarak 2024 K\u0131\u015f Kamp\u0131 i\u00e7in KYK Yurtlar\u0131nda konaklama sa\u011flayam\u0131yoruz. Konaklaman\u0131z\u0131 kendiniz ayarlaman\u0131z gerekiyo<\/strong><\/em>r.<\/p>\n\n\n\n<p><a class=\"btn btn-lyk\" rel=\"noreferrer noopener\" href=\"https:\/\/kayit.linux.org.tr\/\" data-type=\"URL\" data-id=\"https:\/\/kayit.linux.org.tr\/\" target=\"_blank\">Kurslara kay\u0131t olmak i\u00e7in t\u0131klay\u0131n<\/a><\/p>\n\n\n\n<p style=\"font-size:16px\"><strong>Kurs listemiz<\/strong><\/p>\n\n\n\n<ul class=\"wp-block-list\" style=\"font-style:normal;font-weight:400\">\n<li><a href=\"https:\/\/kamp.linux.org.tr\/2024-kis\/kurslar\/gnu-linux-sistem-yonetimi-0-5\/\" data-type=\"URL\" data-id=\"https:\/\/kamp.linux.org.tr\/2023-kis\/kurslar\/gnu-linux-sistem-yonetimi-0-5\/\" target=\"_blank\" rel=\"noreferrer noopener\">GNU\/Linux: Sistem Y\u00f6netimi 0.5<\/a><\/li>\n<\/ul>\n\n\n\n<p><\/p>\n\n\n\n<ul class=\"wp-block-list\" style=\"font-style:normal;font-weight:400\">\n<li><a href=\"https:\/\/kamp.linux.org.tr\/2024-kis\/kurslar\/ag-yoneticiligine-giris\/\" data-type=\"link\" data-id=\"https:\/\/kamp.linux.org.tr\/2024-kis\/kurslar\/ag-yoneticiligine-giris\/\" target=\"_blank\" rel=\"noreferrer noopener\">A\u011f Y\u00f6neticili\u011fine Giri\u015f<\/a><\/li>\n<\/ul>\n\n\n\n<p><\/p>\n\n\n\n<ul class=\"wp-block-list\" style=\"font-style:normal;font-weight:400\">\n<li><a href=\"https:\/\/kamp.linux.org.tr\/2024-kis\/kurslar\/assembly-ve-c-programlamaya-giris\/\" data-type=\"link\" data-id=\"https:\/\/kamp.linux.org.tr\/2024-kis\/kurslar\/assembly-ve-c-programlamaya-giris\/\" target=\"_blank\" rel=\"noreferrer noopener\">Assembly ve C Programlamaya Giri\u015f<\/a><\/li>\n<\/ul>\n\n\n\n<p><\/p>\n\n\n\n<ul class=\"wp-block-list\">\n<li><a href=\"https:\/\/kamp.linux.org.tr\/2024-kis\/kurslar\/blokzincir-101\/\" data-type=\"link\" data-id=\"https:\/\/kamp.linux.org.tr\/2024-kis\/kurslar\/blokzincir-101\/\" target=\"_blank\" rel=\"noreferrer noopener\">Blokzincir 101<\/a><\/li>\n<\/ul>\n\n\n\n<p><\/p>\n\n\n\n<ul class=\"wp-block-list\">\n<li><a href=\"https:\/\/kamp.linux.org.tr\/2024-kis\/kurslar\/dns-ve-dnssec\/\" data-type=\"link\" data-id=\"https:\/\/kamp.linux.org.tr\/2024-kis\/kurslar\/dns-ve-dnssec\/\" target=\"_blank\" rel=\"noreferrer noopener\">DNS ve DNSSEC<\/a><\/li>\n<\/ul>\n\n\n\n<p><\/p>\n\n\n\n<ul class=\"wp-block-list\">\n<li><a href=\"https:\/\/kamp.linux.org.tr\/2024-kis\/kurslar\/gelistiriciler-icin-linux\/\" data-type=\"link\" data-id=\"https:\/\/kamp.linux.org.tr\/2024-kis\/kurslar\/gelistiriciler-icin-linux\/\">Geli\u015ftiriciler i\u00e7in Lin<\/a><a href=\"https:\/\/kamp.linux.org.tr\/2024-kis\/kurslar\/gelistiriciler-icin-linux\/\" data-type=\"link\" data-id=\"https:\/\/kamp.linux.org.tr\/2024-kis\/kurslar\/gelistiriciler-icin-linux\/\" target=\"_blank\" rel=\"noreferrer noopener\">u<\/a><a href=\"https:\/\/kamp.linux.org.tr\/2024-kis\/kurslar\/gelistiriciler-icin-linux\/\" data-type=\"link\" data-id=\"https:\/\/kamp.linux.org.tr\/2024-kis\/kurslar\/gelistiriciler-icin-linux\/\">x<\/a><\/li>\n<\/ul>\n\n\n\n<p><\/p>\n\n\n\n<ul class=\"wp-block-list\">\n<li><a href=\"https:\/\/kamp.linux.org.tr\/2024-kis\/kurslar\/golang-101\/\" data-type=\"link\" data-id=\"https:\/\/kamp.linux.org.tr\/2024-kis\/kurslar\/golang-101\/\" target=\"_blank\" rel=\"noreferrer noopener\">Golang 101<\/a><\/li>\n<\/ul>\n\n\n\n<p><\/p>\n\n\n\n<ul class=\"wp-block-list\">\n<li><a href=\"https:\/\/kamp.linux.org.tr\/2024-kis\/kurslar\/kriptografiye-giris\/\" data-type=\"link\" data-id=\"https:\/\/kamp.linux.org.tr\/2024-kis\/kurslar\/kriptografiye-giris\/\" target=\"_blank\" rel=\"noreferrer noopener\">Kriptografiye Giri\u015f<\/a><\/li>\n<\/ul>\n\n\n\n<p><\/p>\n\n\n\n<ul class=\"wp-block-list\">\n<li><a href=\"https:\/\/kamp.linux.org.tr\/2024-kis\/kurslar\/kubernetes-ile-gitops\/\" data-type=\"link\" data-id=\"https:\/\/kamp.linux.org.tr\/2024-kis\/kurslar\/kubernetes-ile-gitops\/\" target=\"_blank\" rel=\"noreferrer noopener\">Kubernetes ile GitOps<\/a><\/li>\n<\/ul>\n\n\n\n<p><\/p>\n\n\n\n<ul class=\"wp-block-list\">\n<li><a href=\"https:\/\/kamp.linux.org.tr\/2024-kis\/kurslar\/kubernetes-ve-konteyner-dunyasina-giris\/\" data-type=\"link\" data-id=\"https:\/\/kamp.linux.org.tr\/2024-kis\/kurslar\/kubernetes-ve-konteyner-dunyasina-giris\/\" target=\"_blank\" rel=\"noreferrer noopener\">Kubernetes ve Konteyner D\u00fcnyas\u0131na Giri\u015f<\/a><\/li>\n<\/ul>\n\n\n\n<p><\/p>\n\n\n\n<ul class=\"wp-block-list\">\n<li><a href=\"https:\/\/kamp.linux.org.tr\/2024-kis\/kurslar\/linuxun-ic-yapisi-ebpfe-giris\/\" data-type=\"link\" data-id=\"https:\/\/kamp.linux.org.tr\/2024-kis\/kurslar\/linuxun-ic-yapisi-ebpfe-giris\/\" target=\"_blank\" rel=\"noreferrer noopener\">Linux&#8217;un \u0130\u00e7 Yap\u0131s\u0131: (e)BPF&#8217;e Giri\u015f<\/a><\/li>\n<\/ul>\n\n\n\n<p><\/p>\n\n\n\n<ul class=\"wp-block-list\">\n<li><a href=\"https:\/\/kamp.linux.org.tr\/2024-kis\/kurslar\/ozgur-yazilimlarla-veri-madenciligi\/\" data-type=\"link\" data-id=\"https:\/\/kamp.linux.org.tr\/2024-kis\/kurslar\/ozgur-yazilimlarla-veri-madenciligi\/\" target=\"_blank\" rel=\"noreferrer noopener\">\u00d6zg\u00fcr Yaz\u0131l\u0131mlarla Veri Madencili\u011fi<\/a><\/li>\n<\/ul>\n\n\n\n<p><\/p>\n\n\n\n<ul class=\"wp-block-list\">\n<li><a href=\"https:\/\/kamp.linux.org.tr\/2024-kis\/kurslar\/postgresql-101\/\" data-type=\"link\" data-id=\"https:\/\/kamp.linux.org.tr\/2024-kis\/kurslar\/postgresql-101\/\" target=\"_blank\" rel=\"noreferrer noopener\">PostgreSQL: Veritaban\u0131 Y\u00f6neticileri \u0130\u00e7in<\/a><\/li>\n<\/ul>\n\n\n\n<p><\/p>\n\n\n\n<ul class=\"wp-block-list\">\n<li><a href=\"https:\/\/kamp.linux.org.tr\/2024-kis\/kurslar\/postgresql-102\/\" data-type=\"link\" data-id=\"https:\/\/kamp.linux.org.tr\/2024-kis\/kurslar\/postgresql-102\/\" target=\"_blank\" rel=\"noreferrer noopener\">PostgreSQL: Yaz\u0131l\u0131m Geli\u015ftiricileri \u0130\u00e7in<\/a><\/li>\n<\/ul>\n\n\n\n<p><\/p>\n\n\n\n<ul class=\"wp-block-list\">\n<li><a href=\"https:\/\/kamp.linux.org.tr\/2024-kis\/kurslar\/python-101\/\" data-type=\"link\" data-id=\"https:\/\/kamp.linux.org.tr\/2024-kis\/kurslar\/python-101\/\" target=\"_blank\" rel=\"noreferrer noopener\">Python 101<\/a><\/li>\n<\/ul>\n\n\n\n<p><\/p>\n\n\n\n<ul class=\"wp-block-list\">\n<li><a href=\"https:\/\/kamp.linux.org.tr\/2024-kis\/kurslar\/python-102\/\" data-type=\"link\" data-id=\"https:\/\/kamp.linux.org.tr\/2024-kis\/kurslar\/python-102\/\" target=\"_blank\" rel=\"noreferrer noopener\">Python 102<\/a><\/li>\n<\/ul>\n\n\n\n<p><\/p>\n\n\n\n<ul class=\"wp-block-list\">\n<li><a href=\"https:\/\/kamp.linux.org.tr\/2024-kis\/kurslar\/r-ile-tekrarlanabilir-arastirma\/\" data-type=\"link\" data-id=\"https:\/\/kamp.linux.org.tr\/2024-kis\/kurslar\/r-ile-tekrarlanabilir-arastirma\/\" target=\"_blank\" rel=\"noreferrer noopener\">R ile Tekrarlanabilir Ara\u015ft\u0131rma<\/a><\/li>\n<\/ul>\n\n\n\n<p><\/p>\n\n\n\n<ul class=\"wp-block-list\">\n<li><a href=\"https:\/\/kamp.linux.org.tr\/2024-kis\/kurslar\/rust-101\/\" data-type=\"link\" data-id=\"https:\/\/kamp.linux.org.tr\/2024-kis\/kurslar\/rust-101\/\" target=\"_blank\" rel=\"noreferrer noopener\">Rust 101<\/a><\/li>\n<\/ul>\n\n\n\n<p><\/p>\n\n\n\n<ul class=\"wp-block-list\">\n<li><a href=\"https:\/\/kamp.linux.org.tr\/2024-kis\/kurslar\/rust-ile-blokzincir-programlama\/\" data-type=\"link\" data-id=\"https:\/\/kamp.linux.org.tr\/2024-kis\/kurslar\/rust-ile-blokzincir-programlama\/\" target=\"_blank\" rel=\"noreferrer noopener\">Rust ile Blokzincir Programlama<\/a><\/li>\n<\/ul>\n\n\n\n<p><\/p>\n\n\n\n<ul class=\"wp-block-list\">\n<li><a href=\"https:\/\/kamp.linux.org.tr\/2024-kis\/kurslar\/zabbix-ile-sunucu-ve-servislerin-gozetlenmesi-monitoring\/\" data-type=\"link\" data-id=\"https:\/\/kamp.linux.org.tr\/2024-kis\/kurslar\/zabbix-ile-sunucu-ve-servislerin-gozetlenmesi-monitoring\/\" target=\"_blank\" rel=\"noreferrer noopener\">Zabbix ile Sunucu ve Servislerin G\u00f6zetlenmesi (Monitoring)<\/a><\/li>\n<\/ul>\n\n\n\n<p><\/p>\n","protected":false},"excerpt":{"rendered":"<p>Bu seneki kampta paralel s\u0131n\u0131flarda verilecek kurslar belirlendik\u00e7e, kurslar\u0131n bilgilerine a\u015fa\u011f\u0131daki listeden ula\u015fabilirsiniz. Ba\u015fvurmay\u0131 planlad\u0131\u011f\u0131n\u0131z kursun web sayfas\u0131ndaki detay program\u0131, anlat\u0131lanlar\u0131, kat\u0131l\u0131mc\u0131lardan beklenenleri mutlaka inceleyiniz. E\u011fer hen\u00fcz okumad\u0131ysan\u0131z S\u0131k\u00e7a Sorulan Sorular sayfas\u0131n\u0131 da dikkatlice okuyunuz. \u00d6nceki kamplardan farkl\u0131 olarak 2024 K\u0131\u015f Kamp\u0131 i\u00e7in KYK Yurtlar\u0131nda konaklama sa\u011flayam\u0131yoruz. Konaklaman\u0131z\u0131 kendiniz ayarlaman\u0131z gerekiyor. Kurslara kay\u0131t olmak i\u00e7in [&hellip;]<\/p>\n","protected":false},"author":1,"featured_media":0,"parent":0,"menu_order":0,"comment_status":"closed","ping_status":"closed","template":"","meta":{"footnotes":""},"class_list":["post-362","page","type-page","status-publish","hentry"],"jetpack_sharing_enabled":true,"_links":{"self":[{"href":"https:\/\/kamp.linux.org.tr\/2024-kis\/wp-json\/wp\/v2\/pages\/362","targetHints":{"allow":["GET"]}}],"collection":[{"href":"https:\/\/kamp.linux.org.tr\/2024-kis\/wp-json\/wp\/v2\/pages"}],"about":[{"href":"https:\/\/kamp.linux.org.tr\/2024-kis\/wp-json\/wp\/v2\/types\/page"}],"author":[{"embeddable":true,"href":"https:\/\/kamp.linux.org.tr\/2024-kis\/wp-json\/wp\/v2\/users\/1"}],"replies":[{"embeddable":true,"href":"https:\/\/kamp.linux.org.tr\/2024-kis\/wp-json\/wp\/v2\/comments?post=362"}],"version-history":[{"count":35,"href":"https:\/\/kamp.linux.org.tr\/2024-kis\/wp-json\/wp\/v2\/pages\/362\/revisions"}],"predecessor-version":[{"id":1208,"href":"https:\/\/kamp.linux.org.tr\/2024-kis\/wp-json\/wp\/v2\/pages\/362\/revisions\/1208"}],"wp:attachment":[{"href":"https:\/\/kamp.linux.org.tr\/2024-kis\/wp-json\/wp\/v2\/media?parent=362"}],"curies":[{"name":"wp","href":"https:\/\/api.w.org\/{rel}","templated":true}]}}