{"id":923,"date":"2024-01-02T23:52:29","date_gmt":"2024-01-02T20:52:29","guid":{"rendered":"https:\/\/kamp.linux.org.tr\/2024-kis\/?page_id=923"},"modified":"2024-01-07T15:40:57","modified_gmt":"2024-01-07T12:40:57","slug":"gelistiriciler-icin-linux","status":"publish","type":"page","link":"https:\/\/kamp.linux.org.tr\/2024-kis\/kurslar\/gelistiriciler-icin-linux\/","title":{"rendered":"Geli\u015ftiriciler i\u00e7in Linux"},"content":{"rendered":"\n<p><strong>E\u011fitmenler: <a href=\"https:\/\/kamp.linux.org.tr\/2024-kis\/egitmenler\/gokhan-boranalp\/\" data-type=\"link\" data-id=\"https:\/\/kamp.linux.org.tr\/2024-kis\/egitmenler\/gokhan-boranalp\/\" target=\"_blank\" rel=\"noreferrer noopener\">G\u00f6khan Boranalp<\/a>, <a href=\"https:\/\/kamp.linux.org.tr\/2024-kis\/egitmenler\/hikmet-kagan-cetin\/\" data-type=\"link\" data-id=\"https:\/\/kamp.linux.org.tr\/2024-kis\/egitmenler\/hikmet-kagan-cetin\/\" target=\"_blank\" rel=\"noreferrer noopener\">Hikmet Ka\u011fan \u00c7etin<\/a><\/strong><\/p>\n\n\n\n<p><a class=\"btn btn-lyk\" href=\"https:\/\/kayit.linux.org.tr\/\" target=\"_blank\" rel=\"noreferrer noopener\">Kurslara kay\u0131t olmak i\u00e7in t\u0131klay\u0131n<\/a><\/p>\n\n\n\n<h3 class=\"wp-block-heading\"><strong>E\u011fitim \u00d6zeti:<\/strong><\/h3>\n\n\n\n<p><\/p>\n\n\n\n<p>Linux 103, geli\u015ftirme s\u00fcrecinde gerekecek temel Linux bilgilerini i\u00e7ermektedir.<\/p>\n\n\n\n<h3 class=\"wp-block-heading\"><strong>Kat\u0131l\u0131mc\u0131lar i\u00e7in \u00f6n \u015fartlar<\/strong>:<\/h3>\n\n\n\n<p><\/p>\n\n\n\n<p>Bilgisayar\u0131na herhangi bir GNU\/Linux-Hurd da\u011f\u0131t\u0131m\u0131 kurabilen herkes kat\u0131labilir. Ubuntu tercihimizdir.<\/p>\n\n\n\n<h3 class=\"wp-block-heading\"><strong>E\u011fitim i\u00e7eri\u011fi:<\/strong><\/h3>\n\n\n\n<p><\/p>\n\n\n\n<ol class=\"wp-block-list\">\n<li>G\u00fcn<br>Linux genel bilgi &#8211; (Linux general info)<br>Gitlab kullan\u0131c\u0131 hesaplar\u0131n\u0131n kurulmas\u0131 &#8211; (Setup user accounts for Gitlab)<br>Konsolda Python ve C ile ilk &#8220;Merhaba D\u00fcnya&#8221; uygulaman\u0131z &#8211; (Your first &#8220;Hello World&#8221; on shell with Python and C)<br>Dosya sistemleri, Dosya Sistemleri Standart\u0131 &#8211; (File systems, Filesystem Hierarchy Standard)<br>\u0130zinler &#8211; (Permissions)<br>Paket y\u00f6netimi &#8211; (Package management)<br>Basit BASH kabuk kullan\u0131m\u0131 &#8211; (Basic BASH Shell usage)<\/li>\n\n\n\n<li>G\u00fcn<br>S\u00fcre\u00e7ler ve y\u00f6netimi &#8211; (Process management)<br>Ar\u015fivleme i\u015flemleri &#8211; (Archiving management)<br>Sanalla\u015ft\u0131rma nedir? &#8211; (What is virtualization? xen, qemu, kvm intro)<br>Docker ile \u00e7al\u0131\u015fmak &#8211; (Working with Docker on local computer)<br>BASH shell devam &#8211; (BASH sheel advanced operations)<\/li>\n\n\n\n<li>G\u00fcn<br>Programlama dilleri basit siniflandirmasi &#8211; (Classification of programming languages, static\/dynamic, scripting etc.)<br>Programlama dillerinin ortak b\u00f6l\u00fcmleri &#8211; (Common parts of programming languages)<br>Python, pip, virtualenv<br>Docker setup<br>\u00d6rnek proje kurulumu (Flask, Fast API TBA)- (Setup sample project with Flask, Fast API TBA.)<br>Basit Git Komutlar\u0131 &#8211; (Basic Git commands)<br>Basit Vim komutlar\u0131 &#8211; (Basic Vim commands)<\/li>\n\n\n\n<li>G\u00fcn<br>Docker advanced<br>GNU C Compiler platform GCC<br>\u00d6rnek C projesi kurulumu &#8211; (Setup sample C environment)<\/li>\n<\/ol>\n\n\n\n<p><\/p>\n\n\n\n<h3 class=\"wp-block-heading\"><strong>Kat\u0131l\u0131mc\u0131n\u0131n Kursa Gelmeden Yapmas\u0131 (Getirmesi) Gerekenler:<\/strong><\/h3>\n\n\n\n<p><\/p>\n\n\n\n<p>Lutfen shell olarak BASH ayarlanmis olduguna emin olunuz.<\/p>\n","protected":false},"excerpt":{"rendered":"<p>E\u011fitmenler: G\u00f6khan Boranalp, Hikmet Ka\u011fan \u00c7etin Kurslara kay\u0131t olmak i\u00e7in t\u0131klay\u0131n E\u011fitim \u00d6zeti: Linux 103, geli\u015ftirme s\u00fcrecinde gerekecek temel Linux bilgilerini i\u00e7ermektedir. Kat\u0131l\u0131mc\u0131lar i\u00e7in \u00f6n \u015fartlar: Bilgisayar\u0131na herhangi bir GNU\/Linux-Hurd da\u011f\u0131t\u0131m\u0131 kurabilen herkes kat\u0131labilir. Ubuntu tercihimizdir. E\u011fitim i\u00e7eri\u011fi: Kat\u0131l\u0131mc\u0131n\u0131n Kursa Gelmeden Yapmas\u0131 (Getirmesi) Gerekenler: Lutfen shell olarak BASH ayarlanmis olduguna emin olunuz.<\/p>\n","protected":false},"author":2,"featured_media":0,"parent":362,"menu_order":0,"comment_status":"closed","ping_status":"closed","template":"","meta":{"footnotes":""},"class_list":["post-923","page","type-page","status-publish","hentry"],"jetpack_sharing_enabled":true,"_links":{"self":[{"href":"https:\/\/kamp.linux.org.tr\/2024-kis\/wp-json\/wp\/v2\/pages\/923","targetHints":{"allow":["GET"]}}],"collection":[{"href":"https:\/\/kamp.linux.org.tr\/2024-kis\/wp-json\/wp\/v2\/pages"}],"about":[{"href":"https:\/\/kamp.linux.org.tr\/2024-kis\/wp-json\/wp\/v2\/types\/page"}],"author":[{"embeddable":true,"href":"https:\/\/kamp.linux.org.tr\/2024-kis\/wp-json\/wp\/v2\/users\/2"}],"replies":[{"embeddable":true,"href":"https:\/\/kamp.linux.org.tr\/2024-kis\/wp-json\/wp\/v2\/comments?post=923"}],"version-history":[{"count":9,"href":"https:\/\/kamp.linux.org.tr\/2024-kis\/wp-json\/wp\/v2\/pages\/923\/revisions"}],"predecessor-version":[{"id":1191,"href":"https:\/\/kamp.linux.org.tr\/2024-kis\/wp-json\/wp\/v2\/pages\/923\/revisions\/1191"}],"up":[{"embeddable":true,"href":"https:\/\/kamp.linux.org.tr\/2024-kis\/wp-json\/wp\/v2\/pages\/362"}],"wp:attachment":[{"href":"https:\/\/kamp.linux.org.tr\/2024-kis\/wp-json\/wp\/v2\/media?parent=923"}],"curies":[{"name":"wp","href":"https:\/\/api.w.org\/{rel}","templated":true}]}}