{"id":949,"date":"2024-01-03T00:12:21","date_gmt":"2024-01-02T21:12:21","guid":{"rendered":"https:\/\/kamp.linux.org.tr\/2024-kis\/?page_id=949"},"modified":"2024-01-07T15:41:21","modified_gmt":"2024-01-07T12:41:21","slug":"kriptografiye-giris","status":"publish","type":"page","link":"https:\/\/kamp.linux.org.tr\/2024-kis\/kurslar\/kriptografiye-giris\/","title":{"rendered":"Kriptografiye Giri\u015f"},"content":{"rendered":"\n<p><strong>E\u011fitmenler: <a href=\"https:\/\/kamp.linux.org.tr\/2024-kis\/egitmenler\/metin-evrim-ulu\/\" data-type=\"link\" data-id=\"https:\/\/kamp.linux.org.tr\/2024-kis\/egitmenler\/metin-evrim-ulu\/\" target=\"_blank\" rel=\"noreferrer noopener\">Metin Evrim Ulu<\/a><\/strong><\/p>\n\n\n\n<p><a class=\"btn btn-lyk\" href=\"https:\/\/kayit.linux.org.tr\/\" target=\"_blank\" rel=\"noreferrer noopener\">Kurslara kay\u0131t olmak i\u00e7in t\u0131klay\u0131n<\/a><\/p>\n\n\n\n<p><strong>E\u011fitim \u00d6zeti:<\/strong><\/p>\n\n\n\n<p>Kriptografik yapi ta\u015flar\u0131 ve algoritmalar<\/p>\n\n\n\n<h3 class=\"wp-block-heading\">E\u011fitim i\u00e7eri\u011fi:<\/h3>\n\n\n\n<p><\/p>\n\n\n\n<ul class=\"wp-block-list\">\n<li>Kriptografiye Genel Bakis<\/li>\n\n\n\n<li>Cebir, Gruplar, Halkalar, Sonlu Cisimler<\/li>\n\n\n\n<li>Tek Kullanimli Sifreler<\/li>\n\n\n\n<li>LFSR<\/li>\n\n\n\n<li>Blok Sifreler<\/li>\n\n\n\n<li>Block Sifrelerin Modlari<\/li>\n\n\n\n<li>Ozet Fonksiyonlar ve Ozellikleri<\/li>\n\n\n\n<li>Acik Anahtar Kriptografileri<\/li>\n\n\n\n<li>Dijital Imzalar<\/li>\n\n\n\n<li>Guvenli Iletisim Protokolleri<\/li>\n<\/ul>\n","protected":false},"excerpt":{"rendered":"<p>E\u011fitmenler: Metin Evrim Ulu Kurslara kay\u0131t olmak i\u00e7in t\u0131klay\u0131n E\u011fitim \u00d6zeti: Kriptografik yapi ta\u015flar\u0131 ve algoritmalar E\u011fitim i\u00e7eri\u011fi:<\/p>\n","protected":false},"author":3,"featured_media":0,"parent":362,"menu_order":0,"comment_status":"closed","ping_status":"closed","template":"","meta":{"footnotes":""},"class_list":["post-949","page","type-page","status-publish","hentry"],"jetpack_sharing_enabled":true,"_links":{"self":[{"href":"https:\/\/kamp.linux.org.tr\/2024-kis\/wp-json\/wp\/v2\/pages\/949","targetHints":{"allow":["GET"]}}],"collection":[{"href":"https:\/\/kamp.linux.org.tr\/2024-kis\/wp-json\/wp\/v2\/pages"}],"about":[{"href":"https:\/\/kamp.linux.org.tr\/2024-kis\/wp-json\/wp\/v2\/types\/page"}],"author":[{"embeddable":true,"href":"https:\/\/kamp.linux.org.tr\/2024-kis\/wp-json\/wp\/v2\/users\/3"}],"replies":[{"embeddable":true,"href":"https:\/\/kamp.linux.org.tr\/2024-kis\/wp-json\/wp\/v2\/comments?post=949"}],"version-history":[{"count":8,"href":"https:\/\/kamp.linux.org.tr\/2024-kis\/wp-json\/wp\/v2\/pages\/949\/revisions"}],"predecessor-version":[{"id":1193,"href":"https:\/\/kamp.linux.org.tr\/2024-kis\/wp-json\/wp\/v2\/pages\/949\/revisions\/1193"}],"up":[{"embeddable":true,"href":"https:\/\/kamp.linux.org.tr\/2024-kis\/wp-json\/wp\/v2\/pages\/362"}],"wp:attachment":[{"href":"https:\/\/kamp.linux.org.tr\/2024-kis\/wp-json\/wp\/v2\/media?parent=949"}],"curies":[{"name":"wp","href":"https:\/\/api.w.org\/{rel}","templated":true}]}}