{"id":922,"date":"2024-07-24T11:44:23","date_gmt":"2024-07-24T08:44:23","guid":{"rendered":"https:\/\/kamp.linux.org.tr\/2024-yaz\/?page_id=922"},"modified":"2024-08-24T12:49:30","modified_gmt":"2024-08-24T09:49:30","slug":"sayisal-kriptografi-ve-terskod-muhendisligine-giris","status":"publish","type":"page","link":"https:\/\/kamp.linux.org.tr\/2024-yaz\/kurslar\/sayisal-kriptografi-ve-terskod-muhendisligine-giris\/","title":{"rendered":"Say\u0131sal Kriptografi ve TersKod M\u00fchendisli\u011fine Giri\u015f"},"content":{"rendered":"\n<p><strong>E\u011fitmenler:<\/strong> <a href=\"https:\/\/kamp.linux.org.tr\/2024-yaz\/egitmenler\/m-evrim-ulu\/\">M. Evrim Ulu<\/a>, <a href=\"https:\/\/kamp.linux.org.tr\/2024-yaz\/egitmenler\/furkan-sonkaya\/\">Furkan Sonkaya<\/a>, <a href=\"https:\/\/kamp.linux.org.tr\/2024-yaz\/egitmenler\/doga-kihtiri\/\" data-type=\"page\" data-id=\"1086\">Do\u011fa Kihtiri<\/a>, <a href=\"https:\/\/kamp.linux.org.tr\/2024-yaz\/egitmenler\/furkan-kerim-cabas\/\" data-type=\"page\" data-id=\"1098\">Furkan Kerim \u00c7aba\u015f<\/a><\/p>\n\n\n\n<p><strong>E\u011fitim \u0130\u00e7eri\u011fi:<\/strong><\/p>\n\n\n\n<ul class=\"wp-block-list\">\n<li>Kriptografiye Genel Bak\u0131\u015f<\/li>\n\n\n\n<li>Cebir, Gruplar, Halkalar, Sonlu Cisimler<\/li>\n\n\n\n<li>Tek Kullaniml\u0131k Sifreler ve M\u00fckemmel Guvenlik<\/li>\n\n\n\n<li>Ak\u0131m \u015eifreleri ve LFSR&#8217;lar<\/li>\n\n\n\n<li>Blok \u015eifreler<\/li>\n\n\n\n<li>Blok \u015eifrelerin Operasyon Modlar\u0131<\/li>\n\n\n\n<li>Ozet Fonksiyonlar ve \u00d6zellikleri<\/li>\n\n\n\n<li>A\u00e7\u0131k Anahtar Kriptografileri<\/li>\n\n\n\n<li>Dijital \u0130mzalar<\/li>\n\n\n\n<li>G\u00fcvenli \u0130leti\u015fim Protokolleri<\/li>\n<\/ul>\n","protected":false},"excerpt":{"rendered":"<p>E\u011fitmenler: M. Evrim Ulu, Furkan Sonkaya, Do\u011fa Kihtiri, Furkan Kerim \u00c7aba\u015f E\u011fitim \u0130\u00e7eri\u011fi:<\/p>\n","protected":false},"author":1,"featured_media":0,"parent":11,"menu_order":0,"comment_status":"closed","ping_status":"closed","template":"","meta":{"footnotes":""},"class_list":["post-922","page","type-page","status-publish","hentry"],"jetpack_sharing_enabled":true,"_links":{"self":[{"href":"https:\/\/kamp.linux.org.tr\/2024-yaz\/wp-json\/wp\/v2\/pages\/922","targetHints":{"allow":["GET"]}}],"collection":[{"href":"https:\/\/kamp.linux.org.tr\/2024-yaz\/wp-json\/wp\/v2\/pages"}],"about":[{"href":"https:\/\/kamp.linux.org.tr\/2024-yaz\/wp-json\/wp\/v2\/types\/page"}],"author":[{"embeddable":true,"href":"https:\/\/kamp.linux.org.tr\/2024-yaz\/wp-json\/wp\/v2\/users\/1"}],"replies":[{"embeddable":true,"href":"https:\/\/kamp.linux.org.tr\/2024-yaz\/wp-json\/wp\/v2\/comments?post=922"}],"version-history":[{"count":4,"href":"https:\/\/kamp.linux.org.tr\/2024-yaz\/wp-json\/wp\/v2\/pages\/922\/revisions"}],"predecessor-version":[{"id":1104,"href":"https:\/\/kamp.linux.org.tr\/2024-yaz\/wp-json\/wp\/v2\/pages\/922\/revisions\/1104"}],"up":[{"embeddable":true,"href":"https:\/\/kamp.linux.org.tr\/2024-yaz\/wp-json\/wp\/v2\/pages\/11"}],"wp:attachment":[{"href":"https:\/\/kamp.linux.org.tr\/2024-yaz\/wp-json\/wp\/v2\/media?parent=922"}],"curies":[{"name":"wp","href":"https:\/\/api.w.org\/{rel}","templated":true}]}}