{"id":947,"date":"2024-07-24T20:50:36","date_gmt":"2024-07-24T17:50:36","guid":{"rendered":"https:\/\/kamp.linux.org.tr\/2024-yaz\/?page_id=947"},"modified":"2024-07-24T20:59:16","modified_gmt":"2024-07-24T17:59:16","slug":"doruk-fisek","status":"publish","type":"page","link":"https:\/\/kamp.linux.org.tr\/2024-yaz\/egitmenler\/doruk-fisek\/","title":{"rendered":"Doruk Fi\u015fek"},"content":{"rendered":"\n<p>Verdi\u011fi E\u011fitim : <a href=\"https:\/\/kamp.linux.org.tr\/2024-yaz\/kurslar\/gnu-linux-sistem-yonetimi-2-duzey\/\">GNU\/Linux Sistem Y\u00f6netimi 2. D\u00fczey<\/a><\/p>\n\n\n\n<p>\u00c7al\u0131\u015ft\u0131\u011f\u0131 Kurum : \u00d6zg\u00fcr Yaz\u0131l\u0131m A.\u015e.<\/p>\n\n\n\n<figure class=\"wp-block-image size-full\"><img loading=\"lazy\" decoding=\"async\" width=\"224\" height=\"150\" src=\"https:\/\/kamp.linux.org.tr\/2024-yaz\/wp-content\/uploads\/sites\/6\/2024\/06\/ozgur_yazilim_as.png\" alt=\"\" class=\"wp-image-850\" \/><\/figure>\n\n\n\n<p>Web Sitesi : <a href=\"https:\/\/www.ozguryazilim.com.tr\/\">https:\/\/www.ozguryazilim.com.tr\/<\/a><\/p>\n","protected":false},"excerpt":{"rendered":"<p>Verdi\u011fi E\u011fitim : GNU\/Linux Sistem Y\u00f6netimi 2. D\u00fczey \u00c7al\u0131\u015ft\u0131\u011f\u0131 Kurum : \u00d6zg\u00fcr Yaz\u0131l\u0131m A.\u015e. Web Sitesi : https:\/\/www.ozguryazilim.com.tr\/<\/p>\n","protected":false},"author":2,"featured_media":0,"parent":12,"menu_order":0,"comment_status":"closed","ping_status":"closed","template":"","meta":{"footnotes":""},"class_list":["post-947","page","type-page","status-publish","hentry"],"jetpack_sharing_enabled":true,"_links":{"self":[{"href":"https:\/\/kamp.linux.org.tr\/2024-yaz\/wp-json\/wp\/v2\/pages\/947","targetHints":{"allow":["GET"]}}],"collection":[{"href":"https:\/\/kamp.linux.org.tr\/2024-yaz\/wp-json\/wp\/v2\/pages"}],"about":[{"href":"https:\/\/kamp.linux.org.tr\/2024-yaz\/wp-json\/wp\/v2\/types\/page"}],"author":[{"embeddable":true,"href":"https:\/\/kamp.linux.org.tr\/2024-yaz\/wp-json\/wp\/v2\/users\/2"}],"replies":[{"embeddable":true,"href":"https:\/\/kamp.linux.org.tr\/2024-yaz\/wp-json\/wp\/v2\/comments?post=947"}],"version-history":[{"count":2,"href":"https:\/\/kamp.linux.org.tr\/2024-yaz\/wp-json\/wp\/v2\/pages\/947\/revisions"}],"predecessor-version":[{"id":958,"href":"https:\/\/kamp.linux.org.tr\/2024-yaz\/wp-json\/wp\/v2\/pages\/947\/revisions\/958"}],"up":[{"embeddable":true,"href":"https:\/\/kamp.linux.org.tr\/2024-yaz\/wp-json\/wp\/v2\/pages\/12"}],"wp:attachment":[{"href":"https:\/\/kamp.linux.org.tr\/2024-yaz\/wp-json\/wp\/v2\/media?parent=947"}],"curies":[{"name":"wp","href":"https:\/\/api.w.org\/{rel}","templated":true}]}}