{"id":1436,"date":"2025-01-15T12:27:06","date_gmt":"2025-01-15T09:27:06","guid":{"rendered":"https:\/\/kamp.linux.org.tr\/2025-kis\/?page_id=1436"},"modified":"2025-01-15T19:53:13","modified_gmt":"2025-01-15T16:53:13","slug":"ethereum-uzerinde-akilli-sozlesmeler-ve-web3-uygulamalari","status":"publish","type":"page","link":"https:\/\/kamp.linux.org.tr\/2025-kis\/kurslar\/ethereum-uzerinde-akilli-sozlesmeler-ve-web3-uygulamalari\/","title":{"rendered":"Ethereum \u00dczerinde Ak\u0131ll\u0131 S\u00f6zle\u015fmeler ve Web3 Uygulamalar\u0131"},"content":{"rendered":"\n<p>E\u011fitmenler: <a href=\"https:\/\/kamp.linux.org.tr\/2025-kis\/egitmenler\/mertcan-kose\/\" data-type=\"page\" data-id=\"1573\">Mertcan K\u00f6se<\/a>, <a href=\"https:\/\/kamp.linux.org.tr\/2025-kis\/egitmenler\/numan-ozdemir\/\" data-type=\"page\" data-id=\"1578\">Numan \u00d6zdemir<\/a><\/p>\n\n\n\n<p class=\"mb10\"><a class=\"btn btn-lyk\" href=\"https:\/\/kayit.linux.org.tr\/\" target=\"_blank\" rel=\"noreferrer noopener\">Kurslara kay\u0131t olmak i\u00e7in t\u0131klay\u0131n<\/a><\/p>\n\n\n\n<h3 class=\"wp-block-heading\"><strong>Kat\u0131l\u0131mc\u0131lar i\u00e7in \u00f6n-\u015fartlar<\/strong><\/h3>\n\n\n\n<ul class=\"wp-block-list\">\n<li>Blockchain101 e\u011fitimini alm\u0131\u015f veya Blockchain konseptine hakim olmas\u0131.<\/li>\n<\/ul>\n\n\n\n<br \/>\n\n\n\n<h3 class=\"wp-block-heading\"><strong>E\u011fitim i\u00e7eri\u011fi<\/strong><\/h3>\n\n\n\n<ul class=\"wp-block-list\">\n<li>Ethereum&#8217;un Do\u011fu\u015fu ve Felsefesi<\/li>\n\n\n\n<li>Web3 ve Merkeziyetsizlik<\/li>\n\n\n\n<li>Node Yap\u0131s\u0131, RPC Sa\u011flay\u0131c\u0131lar\u0131 ve A\u011flar (Ana A\u011f, Test A\u011f\u0131)<\/li>\n\n\n\n<li>Blok Yap\u0131s\u0131<\/li>\n\n\n\n<li>EOA ve Contract Hesaplar\u0131<\/li>\n\n\n\n<li>\u00d6zel\/A\u00e7\u0131k Anahtar ve Adres<\/li>\n\n\n\n<li>\u0130\u015flem Yap\u0131s\u0131<\/li>\n\n\n\n<li>\u0130\u015flem S\u0131ras\u0131, Gas Fiyat\u0131, Gas Limiti<\/li>\n\n\n\n<li>\u00dccret Yap\u0131s\u0131 ve Gas Optimizasyonu<\/li>\n\n\n\n<li>Global De\u011fi\u015fkenler (msg.sender, block.timestamp, vb.)<\/li>\n\n\n\n<li>Layer 1 ve Layer 2 \u00c7\u00f6z\u00fcmleri<\/li>\n\n\n\n<li>Solidity S\u00f6zdizimi<\/li>\n\n\n\n<li>Value Types, Reference Types<\/li>\n\n\n\n<li>State ve Local De\u011fi\u015fkenler<\/li>\n\n\n\n<li>Smart Contract Ya\u015fam D\u00f6ng\u00fcs\u00fc<\/li>\n\n\n\n<li>Remix IDE Kullan\u0131m\u0131<\/li>\n<\/ul>\n\n\n\n<p>Smart Contract Geli\u015ftirme<\/p>\n\n\n\n<ul class=\"wp-block-list\">\n<li>Function Types ve Tan\u0131mlama<\/li>\n\n\n\n<li>G\u00f6r\u00fcn\u00fcrl\u00fck (Public, Private, Internal, External)<\/li>\n\n\n\n<li>View, Pure, Payable Fonksiyonlar\u0131<\/li>\n\n\n\n<li>Function Modifiers<\/li>\n\n\n\n<li>Events ve Emit<\/li>\n\n\n\n<li>Hata Y\u00f6netimi (Require, Assert, Revert, Try-Catch)<\/li>\n\n\n\n<li>Arrays ve Metodlar\u0131<\/li>\n\n\n\n<li>Mapping ve K\u0131s\u0131tlamalar<\/li>\n\n\n\n<li>Struct Yap\u0131s\u0131<\/li>\n\n\n\n<li>Storage, Memory, Calldata<\/li>\n\n\n\n<li>If-else Yap\u0131s\u0131<\/li>\n\n\n\n<li>D\u00f6ng\u00fcler ve Gas<\/li>\n\n\n\n<li>Break ve Continue<\/li>\n\n\n\n<li>Library Kullan\u0131m\u0131<\/li>\n\n\n\n<li>Contract Geli\u015ftirme<\/li>\n<\/ul>\n\n\n\n<p>Token Standartlar\u0131<\/p>\n\n\n\n<ul class=\"wp-block-list\">\n<li>Interface, Inheritance<\/li>\n\n\n\n<li>Ethereum EIP ve ERC Standartlar\u0131<\/li>\n\n\n\n<li>ERC20 Token Standard\u0131 (TotalSupply, BalanceOf, vb.)<\/li>\n\n\n\n<li>Transfer ve Onaylama<\/li>\n\n\n\n<li>Mint ve Burn<\/li>\n\n\n\n<li>Token Ekonomisi<\/li>\n\n\n\n<li>Token Vesting Mekanizmalar\u0131<\/li>\n\n\n\n<li>NFT Kavram\u0131<\/li>\n\n\n\n<li>ERC-721 ve ERC-1155 Standartlar\u0131<\/li>\n\n\n\n<li>Multi-token Standartlar\u0131<\/li>\n\n\n\n<li>ERC20 ve ERC721 Uygulamalar\u0131<\/li>\n\n\n\n<li>Token URI ve Metadata<\/li>\n\n\n\n<li>IPFS Uygulamas\u0131<\/li>\n\n\n\n<li>Minting Sistemi<\/li>\n\n\n\n<li>Token Standartlar\u0131<\/li>\n\n\n\n<li>OpenZeppelin<\/li>\n<\/ul>\n\n\n\n<p>G\u00fcvenlik ve DeFi<\/p>\n\n\n\n<ul class=\"wp-block-list\">\n<li>Y\u00fckseltilebilir Kontratlar<\/li>\n\n\n\n<li>Likidite Havuzlar\u0131<\/li>\n\n\n\n<li>Staking Mekanizmalar\u0131<\/li>\n\n\n\n<li>Yield Farming Mekanizmalar\u0131<\/li>\n\n\n\n<li>Flash Loans<\/li>\n\n\n\n<li>Oracle Entegrasyonu<\/li>\n\n\n\n<li>\u00c7oklu \u0130mza<\/li>\n\n\n\n<li>Reentrancy Sald\u0131r\u0131lar\u0131<\/li>\n\n\n\n<li>Integer Overflow\/Underflow<\/li>\n\n\n\n<li>Front-running<\/li>\n\n\n\n<li>Eri\u015fim Kontrol\u00fc<\/li>\n\n\n\n<li>Blok Zaman Damgas\u0131 Manip\u00fclasyonu<\/li>\n\n\n\n<li>Mant\u0131k Hatalar\u0131<\/li>\n\n\n\n<li>Ger\u00e7ek Sald\u0131r\u0131 \u00d6rnekleri<\/li>\n\n\n\n<li>Audit Prensipleri<\/li>\n\n\n\n<li>G\u00fcvenli contract geli\u015ftirme<\/li>\n<\/ul>\n","protected":false},"excerpt":{"rendered":"<p>E\u011fitmenler: Mertcan K\u00f6se, Numan \u00d6zdemir Kurslara kay\u0131t olmak i\u00e7in t\u0131klay\u0131n Kat\u0131l\u0131mc\u0131lar i\u00e7in \u00f6n-\u015fartlar E\u011fitim i\u00e7eri\u011fi Smart Contract Geli\u015ftirme Token Standartlar\u0131 G\u00fcvenlik ve DeFi<\/p>\n","protected":false},"author":1,"featured_media":0,"parent":362,"menu_order":0,"comment_status":"closed","ping_status":"closed","template":"","meta":{"footnotes":""},"class_list":["post-1436","page","type-page","status-publish","hentry"],"jetpack_sharing_enabled":true,"_links":{"self":[{"href":"https:\/\/kamp.linux.org.tr\/2025-kis\/wp-json\/wp\/v2\/pages\/1436","targetHints":{"allow":["GET"]}}],"collection":[{"href":"https:\/\/kamp.linux.org.tr\/2025-kis\/wp-json\/wp\/v2\/pages"}],"about":[{"href":"https:\/\/kamp.linux.org.tr\/2025-kis\/wp-json\/wp\/v2\/types\/page"}],"author":[{"embeddable":true,"href":"https:\/\/kamp.linux.org.tr\/2025-kis\/wp-json\/wp\/v2\/users\/1"}],"replies":[{"embeddable":true,"href":"https:\/\/kamp.linux.org.tr\/2025-kis\/wp-json\/wp\/v2\/comments?post=1436"}],"version-history":[{"count":3,"href":"https:\/\/kamp.linux.org.tr\/2025-kis\/wp-json\/wp\/v2\/pages\/1436\/revisions"}],"predecessor-version":[{"id":1681,"href":"https:\/\/kamp.linux.org.tr\/2025-kis\/wp-json\/wp\/v2\/pages\/1436\/revisions\/1681"}],"up":[{"embeddable":true,"href":"https:\/\/kamp.linux.org.tr\/2025-kis\/wp-json\/wp\/v2\/pages\/362"}],"wp:attachment":[{"href":"https:\/\/kamp.linux.org.tr\/2025-kis\/wp-json\/wp\/v2\/media?parent=1436"}],"curies":[{"name":"wp","href":"https:\/\/api.w.org\/{rel}","templated":true}]}}