{"id":1461,"date":"2025-01-15T12:31:25","date_gmt":"2025-01-15T09:31:25","guid":{"rendered":"https:\/\/kamp.linux.org.tr\/2025-kis\/?page_id=1461"},"modified":"2025-01-15T19:52:33","modified_gmt":"2025-01-15T16:52:33","slug":"siber-guvenlikte-tehdit-istihbarati-ve-sorusturma","status":"publish","type":"page","link":"https:\/\/kamp.linux.org.tr\/2025-kis\/kurslar\/siber-guvenlikte-tehdit-istihbarati-ve-sorusturma\/","title":{"rendered":"Siber G\u00fcvenlikte Tehdit \u0130stihbarat\u0131 ve Soru\u015fturma"},"content":{"rendered":"\n<p>E\u011fitmenler: <a href=\"https:\/\/kamp.linux.org.tr\/2025-kis\/egitmenler\/fehmican-sarisin\/\">Fehmican Sar\u0131\u015f\u0131n<\/a><\/p>\n\n\n\n<p class=\"mb10\"><a class=\"btn btn-lyk\" href=\"https:\/\/kayit.linux.org.tr\/\" target=\"_blank\" rel=\"noreferrer noopener\">Kurslara kay\u0131t olmak i\u00e7in t\u0131klay\u0131n<\/a><\/p>\n\n\n\n<h3 class=\"wp-block-heading\"><strong>Kat\u0131l\u0131mc\u0131lar i\u00e7in \u00f6n-\u015fartlar<\/strong><\/h3>\n\n\n\n<ul class=\"wp-block-list\">\n<li>Temel Siber G\u00fcvenlik Terminolojisine hakim, Python vb. script diline hakim olmas\u0131 avantaj sa\u011flayacakt\u0131r. (Zorunlu de\u011fil)<\/li>\n<\/ul>\n\n\n\n<br \/>\n\n\n\n<h3 class=\"wp-block-heading\"><strong>E\u011fitim i\u00e7eri\u011fi<\/strong><\/h3>\n\n\n\n<ul class=\"wp-block-list\">\n<li>Siber G\u00fcvenli\u011fe Giri\u015f<\/li>\n\n\n\n<li>Siber Tehditler<\/li>\n\n\n\n<li>Mavi ve K\u0131rm\u0131z\u0131 Tak\u0131ma Giri\u015f<\/li>\n\n\n\n<li>Bilgi ve Dezenformasyon<\/li>\n\n\n\n<li>Tehdit \u0130stihbarat\u0131 Misyonu<\/li>\n\n\n\n<li>\u0130stihbarat S\u00fcreci<\/li>\n\n\n\n<li>Tehdit Akt\u00f6rlerine Giri\u015f<\/li>\n\n\n\n<li>Siber Su\u00e7 Akt\u00f6rleri<\/li>\n\n\n\n<li>Siber Su\u00e7 Trendleri ve Y\u00f6ntemleri<\/li>\n\n\n\n<li>APT (S\u00fcrekli Geli\u015fmi\u015f Tehdit)<\/li>\n\n\n\n<li>MITRE ATT&amp;CK<\/li>\n\n\n\n<li>Akt\u00f6r Profilleme ve Analiz<\/li>\n\n\n\n<li>Analist Ortam\u0131n\u0131n Haz\u0131rlanmas\u0131<\/li>\n\n\n\n<li>Savunma Yakla\u015f\u0131mlar\u0131<\/li>\n\n\n\n<li>Tehdit \u0130stihbarat\u0131 Bilgi Toplama Y\u00f6ntemleri<\/li>\n\n\n\n<li>OSINT (A\u00e7\u0131k Kaynak \u0130stihbarat\u0131)<\/li>\n\n\n\n<li>Geli\u015fmi\u015f OSINT Y\u00f6ntemleri (Scraping &#8211; Crawler ve Otomasyon)<\/li>\n\n\n\n<li>Bilgi Toplama Envanteri Olu\u015fturma<\/li>\n\n\n\n<li>A\u00e7\u0131k Kaynak \u0130stihbarat\u0131 Meydan Okuma<\/li>\n\n\n\n<li>Tehdit \u0130stihbarat\u0131 Mecra ve Akt\u00f6r Envanterleri Olu\u015fturma<\/li>\n\n\n\n<li>IOC &amp; IOA (Indicator of Compromise ve Indicator of Attack)<\/li>\n\n\n\n<li>C2 Hunting<\/li>\n\n\n\n<li>Zararl\u0131 Yaz\u0131l\u0131m Analizine Giri\u015f<\/li>\n\n\n\n<li>Erken Uyar\u0131 Sistemi ve Uygulamalar\u0131<\/li>\n\n\n\n<li>Tehdit \u0130stihbarat\u0131n\u0131n Mavi ve K\u0131rm\u0131z\u0131 Tak\u0131ma Katk\u0131lar\u0131<\/li>\n\n\n\n<li>Kullan\u0131m Senaryosu ve \u00d6rnek Vaka \u0130ncelemeleri<\/li>\n\n\n\n<li>Ger\u00e7ek Hayattan Uyarlanm\u0131\u015f Uygulamal\u0131 Soru\u015fturma ve \u0130stihbarat \u00c7al\u0131\u015fmalar\u0131<\/li>\n<\/ul>\n","protected":false},"excerpt":{"rendered":"<p>E\u011fitmenler: Fehmican Sar\u0131\u015f\u0131n Kurslara kay\u0131t olmak i\u00e7in t\u0131klay\u0131n Kat\u0131l\u0131mc\u0131lar i\u00e7in \u00f6n-\u015fartlar E\u011fitim i\u00e7eri\u011fi<\/p>\n","protected":false},"author":1,"featured_media":0,"parent":362,"menu_order":0,"comment_status":"closed","ping_status":"closed","template":"","meta":{"footnotes":""},"class_list":["post-1461","page","type-page","status-publish","hentry"],"jetpack_sharing_enabled":true,"_links":{"self":[{"href":"https:\/\/kamp.linux.org.tr\/2025-kis\/wp-json\/wp\/v2\/pages\/1461","targetHints":{"allow":["GET"]}}],"collection":[{"href":"https:\/\/kamp.linux.org.tr\/2025-kis\/wp-json\/wp\/v2\/pages"}],"about":[{"href":"https:\/\/kamp.linux.org.tr\/2025-kis\/wp-json\/wp\/v2\/types\/page"}],"author":[{"embeddable":true,"href":"https:\/\/kamp.linux.org.tr\/2025-kis\/wp-json\/wp\/v2\/users\/1"}],"replies":[{"embeddable":true,"href":"https:\/\/kamp.linux.org.tr\/2025-kis\/wp-json\/wp\/v2\/comments?post=1461"}],"version-history":[{"count":3,"href":"https:\/\/kamp.linux.org.tr\/2025-kis\/wp-json\/wp\/v2\/pages\/1461\/revisions"}],"predecessor-version":[{"id":1680,"href":"https:\/\/kamp.linux.org.tr\/2025-kis\/wp-json\/wp\/v2\/pages\/1461\/revisions\/1680"}],"up":[{"embeddable":true,"href":"https:\/\/kamp.linux.org.tr\/2025-kis\/wp-json\/wp\/v2\/pages\/362"}],"wp:attachment":[{"href":"https:\/\/kamp.linux.org.tr\/2025-kis\/wp-json\/wp\/v2\/media?parent=1461"}],"curies":[{"name":"wp","href":"https:\/\/api.w.org\/{rel}","templated":true}]}}