{"id":69,"date":"2022-07-12T22:04:01","date_gmt":"2022-07-12T19:04:01","guid":{"rendered":"https:\/\/kamp.linux.org.tr\/2022\/?page_id=69"},"modified":"2025-01-15T19:50:35","modified_gmt":"2025-01-15T16:50:35","slug":"69-2","status":"publish","type":"page","link":"https:\/\/kamp.linux.org.tr\/2025-kis\/","title":{"rendered":"Ana Sayfa"},"content":{"rendered":"\n<h1 class=\"wp-block-heading\">Mustafa Akg\u00fcl \u00d6zg\u00fcr Yaz\u0131l\u0131m 2025 K\u0131\u015f Kamp\u0131<\/h1>\n\n\n\n<p>Linux Kullan\u0131c\u0131lar\u0131 Derne\u011fi ve Anadolu \u00dcniversitesi\u2019nin organizasyonunu \u00fcstlendi\u011fi etkinlik bu y\u0131l 10-13 \u015eubat 2025 tarihleri aras\u0131nda 4 tam g\u00fcn olarak Anadolu \u00dcniversitesi Yunus Emre Kamp\u00fcs\u00fc&#8217;nde yap\u0131l\u0131yor.<\/p>\n\n\n\n<p>Farkl\u0131 alanlarda, farkl\u0131 bilgi d\u00fczeylerine hitap eden paralel s\u0131n\u0131flarda ger\u00e7ekle\u015ftirilen e\u011fitimlere kat\u0131l\u0131m \u00fccretsizdir. Kat\u0131l\u0131mc\u0131lardan yaln\u0131zca kendi yol\/konaklama\/yemek masraflar\u0131n\u0131 kar\u015f\u0131lamalar\u0131 beklenmektedir.<\/p>\n\n\n\n<p>Ba\u015fvuru \u00f6ncesinde kurslar\u0131n detaylar\u0131n\u0131 <a href=\"https:\/\/kamp.linux.org.tr\/2025-kis\/kurslar\/\" data-type=\"page\" data-id=\"362\">Kurslar<\/a> sayfas\u0131nda inceleyiniz.<\/p>\n\n\n\n<p>Kampa ili\u015fkin hemen her sorunun yan\u0131t\u0131n\u0131 <a href=\"https:\/\/kamp.linux.org.tr\/2025-kis\/sikca-sorulan-sorular\/\" data-type=\"page\" data-id=\"14\">S\u0131k\u00e7a Sorulan Sorular<\/a> sayfas\u0131nda bulabilirsiniz.<\/p>\n\n\n\n<h2 class=\"wp-block-heading\"><strong>Duyurular<\/strong><\/h2>\n\n\n\n<p><\/p>\n\n\n\n<ul class=\"wp-block-list has-medium-font-size\">\n<li class=\"mb10\">KYK yurtlar\u0131ndan kontenjan alamad\u0131\u011f\u0131m\u0131z i\u00e7in 2025 K\u0131\u015f Kamp\u0131 i\u00e7in KYK Yurtlar\u0131nda konaklama sa\u011flayam\u0131yoruz. Konaklaman\u0131z\u0131 kendiniz ayarlaman\u0131z gerekiyor.<\/li>\n\n\n\n<li class=\"mb10\">Sponsorlar\u0131m\u0131z\u0131n deste\u011fi ile ihtiya\u00e7 sahibi kat\u0131l\u0131mc\u0131lar\u0131m\u0131za ula\u015f\u0131m deste\u011fi sa\u011flanacakt\u0131r. Detaylar kursa kabul ald\u0131ktan sonra gelecek duyurular ile a\u00e7\u0131klanacakt\u0131r.<\/li>\n<\/ul>\n","protected":false},"excerpt":{"rendered":"<p>Mustafa Akg\u00fcl \u00d6zg\u00fcr Yaz\u0131l\u0131m 2025 K\u0131\u015f Kamp\u0131 Linux Kullan\u0131c\u0131lar\u0131 Derne\u011fi ve Anadolu \u00dcniversitesi\u2019nin organizasyonunu \u00fcstlendi\u011fi etkinlik bu y\u0131l 10-13 \u015eubat 2025 tarihleri aras\u0131nda 4 tam g\u00fcn olarak Anadolu \u00dcniversitesi Yunus Emre Kamp\u00fcs\u00fc&#8217;nde yap\u0131l\u0131yor. Farkl\u0131 alanlarda, farkl\u0131 bilgi d\u00fczeylerine hitap eden paralel s\u0131n\u0131flarda ger\u00e7ekle\u015ftirilen e\u011fitimlere kat\u0131l\u0131m \u00fccretsizdir. Kat\u0131l\u0131mc\u0131lardan yaln\u0131zca kendi yol\/konaklama\/yemek masraflar\u0131n\u0131 kar\u015f\u0131lamalar\u0131 beklenmektedir. Ba\u015fvuru \u00f6ncesinde [&hellip;]<\/p>\n","protected":false},"author":1,"featured_media":0,"parent":0,"menu_order":0,"comment_status":"closed","ping_status":"closed","template":"index.php","meta":{"footnotes":""},"class_list":["post-69","page","type-page","status-publish","hentry"],"jetpack_sharing_enabled":true,"_links":{"self":[{"href":"https:\/\/kamp.linux.org.tr\/2025-kis\/wp-json\/wp\/v2\/pages\/69","targetHints":{"allow":["GET"]}}],"collection":[{"href":"https:\/\/kamp.linux.org.tr\/2025-kis\/wp-json\/wp\/v2\/pages"}],"about":[{"href":"https:\/\/kamp.linux.org.tr\/2025-kis\/wp-json\/wp\/v2\/types\/page"}],"author":[{"embeddable":true,"href":"https:\/\/kamp.linux.org.tr\/2025-kis\/wp-json\/wp\/v2\/users\/1"}],"replies":[{"embeddable":true,"href":"https:\/\/kamp.linux.org.tr\/2025-kis\/wp-json\/wp\/v2\/comments?post=69"}],"version-history":[{"count":11,"href":"https:\/\/kamp.linux.org.tr\/2025-kis\/wp-json\/wp\/v2\/pages\/69\/revisions"}],"predecessor-version":[{"id":1679,"href":"https:\/\/kamp.linux.org.tr\/2025-kis\/wp-json\/wp\/v2\/pages\/69\/revisions\/1679"}],"wp:attachment":[{"href":"https:\/\/kamp.linux.org.tr\/2025-kis\/wp-json\/wp\/v2\/media?parent=69"}],"curies":[{"name":"wp","href":"https:\/\/api.w.org\/{rel}","templated":true}]}}