{"id":12,"date":"2022-07-06T12:57:32","date_gmt":"2022-07-06T09:57:32","guid":{"rendered":"https:\/\/kamp.linux.org.tr\/2022\/?page_id=12"},"modified":"2026-01-27T16:01:41","modified_gmt":"2026-01-27T13:01:41","slug":"egitmenler","status":"publish","type":"page","link":"https:\/\/kamp.linux.org.tr\/2026-kis\/egitmenler\/","title":{"rendered":"E\u011fitmenler"},"content":{"rendered":"\n<ul class=\"wp-block-list\">\n<li>Ahmetcan \u0130rdem<\/li>\n\n\n\n<li>Ahmet Talha Ekinci<\/li>\n\n\n\n<li>Ali Sezi\u015fli<\/li>\n\n\n\n<li>Aykut Demirci<\/li>\n\n\n\n<li>Ba\u015far Suba\u015f\u0131<\/li>\n\n\n\n<li>Doruk Fi\u015fek<\/li>\n\n\n\n<li>Elif \u00d6zge \u00d6zdamar<\/li>\n\n\n\n<li>Furkan \u0130nciro\u011flu<\/li>\n\n\n\n<li>G\u00f6khan \u00c7uryan<\/li>\n\n\n\n<li>Hakan Uygun<\/li>\n\n\n\n<li>Hamdi Murat Y\u0131ld\u0131r\u0131m<\/li>\n\n\n\n<li>Muhammed Emin Delice<\/li>\n\n\n\n<li>Murat Sever<\/li>\n\n\n\n<li>Mustafa Yavuz Kara<\/li>\n\n\n\n<li>Onur Akdeniz<\/li>\n\n\n\n<li>Osman \u00dcnalan<\/li>\n\n\n\n<li>Eng\u00fcr Pi\u015firici<\/li>\n\n\n\n<li>\u015eenol Ald\u0131ba\u015f<\/li>\n\n\n\n<li>Tayfun Asker<\/li>\n\n\n\n<li>Tar\u0131k Kabak<\/li>\n\n\n\n<li>Yusuf D\u00fczg\u00fcn<\/li>\n\n\n\n<li>Yunus Ya\u015far<\/li>\n<\/ul>\n","protected":false},"excerpt":{"rendered":"","protected":false},"author":1,"featured_media":0,"parent":0,"menu_order":0,"comment_status":"closed","ping_status":"closed","template":"","meta":{"footnotes":""},"class_list":["post-12","page","type-page","status-publish","hentry"],"jetpack_sharing_enabled":true,"_links":{"self":[{"href":"https:\/\/kamp.linux.org.tr\/2026-kis\/wp-json\/wp\/v2\/pages\/12","targetHints":{"allow":["GET"]}}],"collection":[{"href":"https:\/\/kamp.linux.org.tr\/2026-kis\/wp-json\/wp\/v2\/pages"}],"about":[{"href":"https:\/\/kamp.linux.org.tr\/2026-kis\/wp-json\/wp\/v2\/types\/page"}],"author":[{"embeddable":true,"href":"https:\/\/kamp.linux.org.tr\/2026-kis\/wp-json\/wp\/v2\/users\/1"}],"replies":[{"embeddable":true,"href":"https:\/\/kamp.linux.org.tr\/2026-kis\/wp-json\/wp\/v2\/comments?post=12"}],"version-history":[{"count":7,"href":"https:\/\/kamp.linux.org.tr\/2026-kis\/wp-json\/wp\/v2\/pages\/12\/revisions"}],"predecessor-version":[{"id":2096,"href":"https:\/\/kamp.linux.org.tr\/2026-kis\/wp-json\/wp\/v2\/pages\/12\/revisions\/2096"}],"wp:attachment":[{"href":"https:\/\/kamp.linux.org.tr\/2026-kis\/wp-json\/wp\/v2\/media?parent=12"}],"curies":[{"name":"wp","href":"https:\/\/api.w.org\/{rel}","templated":true}]}}