{"id":1932,"date":"2026-01-19T16:31:05","date_gmt":"2026-01-19T13:31:05","guid":{"rendered":"https:\/\/kamp.linux.org.tr\/2026-kis\/?page_id=1932"},"modified":"2026-01-19T23:32:59","modified_gmt":"2026-01-19T20:32:59","slug":"gnu-radio-ile-uygulamali-haberlesme-sistemleri","status":"publish","type":"page","link":"https:\/\/kamp.linux.org.tr\/2026-kis\/kurslar\/gnu-radio-ile-uygulamali-haberlesme-sistemleri\/","title":{"rendered":"GNU Radio ile Uygulamal\u0131 Haberle\u015fme Sistemleri"},"content":{"rendered":"\n<p>E\u011fitim kablosuz haberle\u015fmeyi ger\u00e7ek ortamda GNU Radio arac\u0131 ile deneyimleyerek e\u011flenceli bir \u015fekilde \u00f6\u011fretmeyi hedeflemektedir.<\/p>\n\n\n\n<p><strong>E\u011fitmenler: <\/strong>Murat Sever<\/p>\n\n\n\n<p class=\"mb10\"><a class=\"btn btn-lyk\" href=\"https:\/\/kayit.linux.org.tr\/\" target=\"_blank\" rel=\"noreferrer noopener\">Kurslara kay\u0131t olmak i\u00e7in t\u0131klay\u0131n<\/a><\/p>\n\n\n\n<p><strong>Kat\u0131l\u0131mc\u0131lar i\u00e7in \u00f6n-\u015fartlar<\/strong><\/p>\n\n\n\n<ul class=\"wp-block-list\">\n<li>Linux kurulu bir bilgisayar<\/li>\n\n\n\n<li>Temel Linux bilgisi<\/li>\n\n\n\n<li>Haberle\u015fme sistemlerine ilgi<\/li>\n<\/ul>\n\n\n\n<br \/>\n\n\n\n<p><strong>E\u011fitim \u0130\u00e7eri\u011fi<\/strong><\/p>\n\n\n\n<ul class=\"wp-block-list\">\n<li>Derse Giri\u015f: Haberle\u015fme Sistemleri<\/li>\n\n\n\n<li>GNU Radio Kurulumu ve genel kullan\u0131m\u0131<\/li>\n\n\n\n<li>GNU Radio ile Say\u0131sal Sinyal \u0130\u015fleme Temelleri (\u00d6rnekleme, Frekans Alan\u0131, Filtreleme, Aliasing)<\/li>\n\n\n\n<li>GNU Radio ile Say\u0131sal Sinyal \u0130\u015fleme Temelleri (Seyreltme, ara \u00f6rnekleme), Say\u0131sal Ses \u0130\u015fleme \u00f6rnekleri (Stereo ve DTMF)<\/li>\n\n\n\n<li>Yaz\u0131l\u0131m Tabanl\u0131 Radyo (YTR) Giri\u015f<\/li>\n\n\n\n<li>YTR Donan\u0131m\u0131 (RTL-SDR) Kurulumu ve Kullan\u0131m\u0131<\/li>\n\n\n\n<li>gqrx yaz\u0131l\u0131m\u0131 ile spektrum izleme ve Hello World<\/li>\n\n\n\n<li>IQ Veri formatlar\u0131, AM Kip \u00c7\u00f6zme, HF ve Hava Bantlar\u0131<\/li>\n\n\n\n<li>Dar Bant Frekans Mod\u00fclasyonu Kip \u00c7\u00f6zme, VHF Bant, FM Tekrarlay\u0131c\u0131lar, CTCSS<\/li>\n\n\n\n<li>Geni\u015f Bant Frekans Mod\u00fclasyonu Kip \u00c7\u00f6zme, Mono\/Stereo, Pilot ton, RDS Bile\u015fenler<\/li>\n\n\n\n<li>Say\u0131sal Haberle\u015fmeye Giri\u015f, G\u00fcr\u00fclt\u00fcl\u00fc Ortamda QPSK Sim\u00fclasyonu, Ta\u015f\u0131y\u0131c\u0131 ve \u00d6rnekleme Zaman\u0131 Senkronizasyonu<\/li>\n\n\n\n<li>ADS-B Sinyalleri ve kod \u00e7\u00f6zme<\/li>\n<\/ul>\n","protected":false},"excerpt":{"rendered":"<p>E\u011fitim kablosuz haberle\u015fmeyi ger\u00e7ek ortamda GNU Radio arac\u0131 ile deneyimleyerek e\u011flenceli bir \u015fekilde \u00f6\u011fretmeyi hedeflemektedir. E\u011fitmenler: Murat Sever Kurslara kay\u0131t olmak i\u00e7in t\u0131klay\u0131n Kat\u0131l\u0131mc\u0131lar i\u00e7in \u00f6n-\u015fartlar E\u011fitim \u0130\u00e7eri\u011fi<\/p>\n","protected":false},"author":8,"featured_media":0,"parent":362,"menu_order":0,"comment_status":"closed","ping_status":"closed","template":"","meta":{"footnotes":""},"class_list":["post-1932","page","type-page","status-publish","hentry"],"jetpack_sharing_enabled":true,"_links":{"self":[{"href":"https:\/\/kamp.linux.org.tr\/2026-kis\/wp-json\/wp\/v2\/pages\/1932","targetHints":{"allow":["GET"]}}],"collection":[{"href":"https:\/\/kamp.linux.org.tr\/2026-kis\/wp-json\/wp\/v2\/pages"}],"about":[{"href":"https:\/\/kamp.linux.org.tr\/2026-kis\/wp-json\/wp\/v2\/types\/page"}],"author":[{"embeddable":true,"href":"https:\/\/kamp.linux.org.tr\/2026-kis\/wp-json\/wp\/v2\/users\/8"}],"replies":[{"embeddable":true,"href":"https:\/\/kamp.linux.org.tr\/2026-kis\/wp-json\/wp\/v2\/comments?post=1932"}],"version-history":[{"count":5,"href":"https:\/\/kamp.linux.org.tr\/2026-kis\/wp-json\/wp\/v2\/pages\/1932\/revisions"}],"predecessor-version":[{"id":2024,"href":"https:\/\/kamp.linux.org.tr\/2026-kis\/wp-json\/wp\/v2\/pages\/1932\/revisions\/2024"}],"up":[{"embeddable":true,"href":"https:\/\/kamp.linux.org.tr\/2026-kis\/wp-json\/wp\/v2\/pages\/362"}],"wp:attachment":[{"href":"https:\/\/kamp.linux.org.tr\/2026-kis\/wp-json\/wp\/v2\/media?parent=1932"}],"curies":[{"name":"wp","href":"https:\/\/api.w.org\/{rel}","templated":true}]}}