{"id":69,"date":"2022-07-12T22:04:01","date_gmt":"2022-07-12T19:04:01","guid":{"rendered":"https:\/\/kamp.linux.org.tr\/2022\/?page_id=69"},"modified":"2026-01-20T15:26:01","modified_gmt":"2026-01-20T12:26:01","slug":"69-2","status":"publish","type":"page","link":"https:\/\/kamp.linux.org.tr\/2026-kis\/","title":{"rendered":"Ana Sayfa"},"content":{"rendered":"\n<h1 class=\"wp-block-heading\">Mustafa Akg\u00fcl \u00d6zg\u00fcr Yaz\u0131l\u0131m 2026 K\u0131\u015f Kamp\u0131<\/h1>\n\n\n\n<p>Linux Kullan\u0131c\u0131lar\u0131 Derne\u011fi ve Afyon Kocatepe \u00dcniversitesi Bilgisayar M\u00fchendisli\u011fi Kul\u00fcb\u00fc, Yaz\u0131l\u0131m M\u00fchendisli\u011fi Kul\u00fcb\u00fc, Bili\u015fim Toplulu\u011funun organizasyonunu \u00fcstlendi\u011fi etkinlik bu y\u0131l 4-8 \u015eubat 2026 tarihleri aras\u0131nda 5 g\u00fcn olarak Afyon Kocatepe \u00dcniversitesi Ahmet Necdet Sezer Kamp\u00fcs\u00fc&#8217;nde yap\u0131l\u0131yor.<\/p>\n\n\n\n<p>Farkl\u0131 alanlarda, farkl\u0131 bilgi d\u00fczeylerine hitap eden paralel s\u0131n\u0131flarda ger\u00e7ekle\u015ftirilen e\u011fitimlere kat\u0131l\u0131m \u00fccretsizdir. Kat\u0131l\u0131mc\u0131lardan yaln\u0131zca kendi yol\/konaklama\/yemek masraflar\u0131n\u0131 kar\u015f\u0131lamalar\u0131 beklenmektedir.<\/p>\n\n\n\n<p>Ba\u015fvuru \u00f6ncesinde kurslar\u0131n detaylar\u0131n\u0131 <a href=\"https:\/\/kamp.linux.org.tr\/2026-kis\/2025-kis\/kurslar\/\" data-type=\"page\" data-id=\"362\">Kurslar<\/a> sayfas\u0131nda inceleyiniz.<\/p>\n\n\n\n<p>Kampa ili\u015fkin hemen her sorunun yan\u0131t\u0131n\u0131 <a href=\"https:\/\/kamp.linux.org.tr\/2026-kis\/2025-kis\/sikca-sorulan-sorular\/\" data-type=\"page\" data-id=\"14\">S\u0131k\u00e7a Sorulan Sorular<\/a> sayfas\u0131nda bulabilirsiniz.<\/p>\n\n\n\n<h2 class=\"wp-block-heading\"><strong>Duyurular<\/strong><\/h2>\n\n\n\n<p><\/p>\n\n\n\n<ul class=\"wp-block-list\">\n<li><strong>KYK konaklamas\u0131 yap\u0131lacak yurtlar belli oldu<\/strong>\n<ul class=\"wp-block-list\">\n<li>Kad\u0131n Kat\u0131l\u0131mc\u0131lar i\u00e7in; Bac\u0131m Sultan Yurt M\u00fcd\u00fcrl\u00fc\u011f\u00fc: Erenler Mahallesi 2773. Sokak No:42 Merkez\/Afyonkarahisar<\/li>\n\n\n\n<li>Erkek Kat\u0131l\u0131mc\u0131lar i\u00e7in; T\u0131naztepe Yurt M\u00fcd\u00fcrl\u00fc\u011f\u00fc: Organize Sanayi Mahallesi 9. Sokak No:4 Merkez\/Afyonkarahisar<\/li>\n<\/ul>\n<\/li>\n<\/ul>\n","protected":false},"excerpt":{"rendered":"<p>Mustafa Akg\u00fcl \u00d6zg\u00fcr Yaz\u0131l\u0131m 2026 K\u0131\u015f Kamp\u0131 Linux Kullan\u0131c\u0131lar\u0131 Derne\u011fi ve Afyon Kocatepe \u00dcniversitesi Bilgisayar M\u00fchendisli\u011fi Kul\u00fcb\u00fc, Yaz\u0131l\u0131m M\u00fchendisli\u011fi Kul\u00fcb\u00fc, Bili\u015fim Toplulu\u011funun organizasyonunu \u00fcstlendi\u011fi etkinlik bu y\u0131l 4-8 \u015eubat 2026 tarihleri aras\u0131nda 5 g\u00fcn olarak Afyon Kocatepe \u00dcniversitesi Ahmet Necdet Sezer Kamp\u00fcs\u00fc&#8217;nde yap\u0131l\u0131yor. Farkl\u0131 alanlarda, farkl\u0131 bilgi d\u00fczeylerine hitap eden paralel s\u0131n\u0131flarda ger\u00e7ekle\u015ftirilen e\u011fitimlere kat\u0131l\u0131m [&hellip;]<\/p>\n","protected":false},"author":1,"featured_media":0,"parent":0,"menu_order":0,"comment_status":"closed","ping_status":"closed","template":"index.php","meta":{"footnotes":""},"class_list":["post-69","page","type-page","status-publish","hentry"],"jetpack_sharing_enabled":true,"_links":{"self":[{"href":"https:\/\/kamp.linux.org.tr\/2026-kis\/wp-json\/wp\/v2\/pages\/69","targetHints":{"allow":["GET"]}}],"collection":[{"href":"https:\/\/kamp.linux.org.tr\/2026-kis\/wp-json\/wp\/v2\/pages"}],"about":[{"href":"https:\/\/kamp.linux.org.tr\/2026-kis\/wp-json\/wp\/v2\/types\/page"}],"author":[{"embeddable":true,"href":"https:\/\/kamp.linux.org.tr\/2026-kis\/wp-json\/wp\/v2\/users\/1"}],"replies":[{"embeddable":true,"href":"https:\/\/kamp.linux.org.tr\/2026-kis\/wp-json\/wp\/v2\/comments?post=69"}],"version-history":[{"count":8,"href":"https:\/\/kamp.linux.org.tr\/2026-kis\/wp-json\/wp\/v2\/pages\/69\/revisions"}],"predecessor-version":[{"id":2073,"href":"https:\/\/kamp.linux.org.tr\/2026-kis\/wp-json\/wp\/v2\/pages\/69\/revisions\/2073"}],"wp:attachment":[{"href":"https:\/\/kamp.linux.org.tr\/2026-kis\/wp-json\/wp\/v2\/media?parent=69"}],"curies":[{"name":"wp","href":"https:\/\/api.w.org\/{rel}","templated":true}]}}