{"id":1019,"date":"2022-07-06T12:57:32","date_gmt":"2022-07-06T12:57:32","guid":{"rendered":"https:\/\/kamp.linux.org.tr\/2022\/?page_id=12"},"modified":"2022-07-06T12:57:32","modified_gmt":"2022-07-06T12:57:32","slug":"egitmenler","status":"publish","type":"page","link":"https:\/\/kamp.linux.org.tr\/2026-yaz\/egitmenler\/","title":{"rendered":"E\u011fitmenler"},"content":{"rendered":"\n<div class=\"wp-block-group\"><div class=\"wp-block-group__inner-container is-layout-constrained wp-block-group-is-layout-constrained\">\n<div class=\"wp-block-group\"><div class=\"wp-block-group__inner-container is-layout-constrained wp-block-group-is-layout-constrained\">\n<div class=\"wp-block-group\"><div class=\"wp-block-group__inner-container is-layout-constrained wp-block-group-is-layout-constrained\">\n<div class=\"wp-block-group\"><div class=\"wp-block-group__inner-container is-layout-constrained wp-block-group-is-layout-constrained\">\n<div class=\"wp-block-group\"><div class=\"wp-block-group__inner-container is-layout-constrained wp-block-group-is-layout-constrained\">\n<div class=\"wp-block-group\"><div class=\"wp-block-group__inner-container is-layout-constrained wp-block-group-is-layout-constrained\">\n<p>(E\u011fitmen listesi alfabetik olarak s\u0131ralanm\u0131\u015ft\u0131r.)<\/p>\n<\/div><\/div>\n<\/div><\/div>\n<\/div><\/div>\n<\/div><\/div>\n<\/div><\/div>\n<\/div><\/div>\n\n\n\n<ul class=\"wp-block-list\">\n<li>Ahmet Alp \u00d6zdemir<\/li>\n\n\n\n<li>Ahmetcan \u0130rdem<\/li>\n\n\n\n<li>Ali Sezi\u015fli<\/li>\n\n\n\n<li>Arma\u011fan Karabina<\/li>\n\n\n\n<li>Aykut Demirci,<\/li>\n\n\n\n<li>Ba\u015far Suba\u015f\u0131<\/li>\n\n\n\n<li>B\u00fc\u015fra Keskin<\/li>\n\n\n\n<li>Doruk Fi\u015fek<\/li>\n\n\n\n<li>Emir Burak \u00d6nder<\/li>\n\n\n\n<li>Eray Ayd\u0131n<\/li>\n\n\n\n<li>Furkan Sonkaya<\/li>\n\n\n\n<li>G\u00f6khan Eryol<\/li>\n\n\n\n<li>Kaan Kaltakk\u0131ran<\/li>\n\n\n\n<li>M. Evrim Ulu<\/li>\n\n\n\n<li>Mertcan K\u00f6se<\/li>\n\n\n\n<li>Murathan Bostanc\u0131<\/li>\n\n\n\n<li>Mustafa Ya\u011fc\u0131<\/li>\n\n\n\n<li>Nuri Akman<\/li>\n\n\n\n<li>Osman \u00dcnalan<\/li>\n\n\n\n<li>R. Eng\u00fcr Pi\u015firici<\/li>\n\n\n\n<li>\u015eenol Ald\u0131ba\u015f<\/li>\n\n\n\n<li>Yusuf D\u00fczg\u00fcn<\/li>\n<\/ul>\n\n\n\n<p><\/p>\n","protected":false},"excerpt":{"rendered":"<p>(E\u011fitmen listesi alfabetik olarak s\u0131ralanm\u0131\u015ft\u0131r.)<\/p>\n","protected":false},"author":1,"featured_media":0,"parent":0,"menu_order":0,"comment_status":"closed","ping_status":"closed","template":"","meta":{"footnotes":""},"class_list":["post-1019","page","type-page","status-publish","hentry"],"jetpack_sharing_enabled":true,"_links":{"self":[{"href":"https:\/\/kamp.linux.org.tr\/2026-yaz\/wp-json\/wp\/v2\/pages\/1019","targetHints":{"allow":["GET"]}}],"collection":[{"href":"https:\/\/kamp.linux.org.tr\/2026-yaz\/wp-json\/wp\/v2\/pages"}],"about":[{"href":"https:\/\/kamp.linux.org.tr\/2026-yaz\/wp-json\/wp\/v2\/types\/page"}],"author":[{"embeddable":true,"href":"https:\/\/kamp.linux.org.tr\/2026-yaz\/wp-json\/wp\/v2\/users\/1"}],"replies":[{"embeddable":true,"href":"https:\/\/kamp.linux.org.tr\/2026-yaz\/wp-json\/wp\/v2\/comments?post=1019"}],"version-history":[{"count":0,"href":"https:\/\/kamp.linux.org.tr\/2026-yaz\/wp-json\/wp\/v2\/pages\/1019\/revisions"}],"wp:attachment":[{"href":"https:\/\/kamp.linux.org.tr\/2026-yaz\/wp-json\/wp\/v2\/media?parent=1019"}],"curies":[{"name":"wp","href":"https:\/\/api.w.org\/{rel}","templated":true}]}}